000
CDHW40 PHFO 061245
CLIHNL


CLIMATE REPORT
NATIONAL WEATHER SERVICE HONOLULU HI
245 AM HST WED MAY 6 2015


...................................

...THE HONOLULU HI CLIMATE SUMMARY FOR MAY 5 2015...

CLIMATE NORMAL PERIOD 1981 TO 2010
CLIMATE RECORD PERIOD 1946 TO 2015


WEATHER ITEM   OBSERVED TIME   RECORD YEAR NORMAL DEPARTURE LAST
                VALUE   (LST)  VALUE       VALUE  FROM      YEAR
                                                  NORMAL
..................................................................
TEMPERATURE (F)
 YESTERDAY
  MAXIMUM         82    216 PM  90    2005  84     -2       88
  MINIMUM         70    843 AM  62    1981  70      0       72
  AVERAGE         76                        77     -1       80

PRECIPITATION (IN)
  YESTERDAY        0.01          0.96 2006   0.03  -0.02     0.01
  MONTH TO DATE    0.02                      0.12  -0.10     0.01
  SINCE MAR 1      1.01                      2.77  -1.76     2.95
  SINCE JAN 1      2.81                      7.07  -4.26     6.63

SNOWFALL (IN)
  YESTERDAY        0.0
  MONTH TO DATE    0.0
  SINCE MAR 1      0.0
  SINCE JUL 1      0.0
  SNOW DEPTH       0

DEGREE DAYS
 HEATING
  YESTERDAY        0                         0      0        0
  MONTH TO DATE    0                         0      0        0
  SINCE MAR 1      0                         0      0        0
  SINCE JUL 1      0                         0      0        0

 COOLING
  YESTERDAY       11                        12     -1       15
  MONTH TO DATE   52                        60     -8       64
  SINCE MAR 1    668                       685    -17      739
  SINCE JAN 1   1178                      1167     11     1258
..................................................................


WIND (MPH)
  HIGHEST WIND SPEED    24   HIGHEST WIND DIRECTION     E (80)
  HIGHEST GUST SPEED    30   HIGHEST GUST DIRECTION     E (80)
  AVERAGE WIND SPEED    12.7


SKY COVER
  POSSIBLE SUNSHINE  MM
  AVERAGE SKY COVER 0.6


WEATHER CONDITIONS
 THE FOLLOWING WEATHER WAS RECORDED YESTERDAY.
  FOG


RELATIVE HUMIDITY (PERCENT)
 HIGHEST    90           900 AM
 LOWEST     54           100 PM
 AVERAGE    72

..........................................................


THE HONOLULU HI CLIMATE NORMALS FOR TODAY
                         NORMAL    RECORD    YEAR
 MAXIMUM TEMPERATURE (F)   84        89      2005
 MINIMUM TEMPERATURE (F)   70        65      1996


SUNRISE AND SUNSET
MAY  6 2015...........SUNRISE   558 AM HST   SUNSET   659 PM HST
MAY  7 2015...........SUNRISE   557 AM HST   SUNSET   659 PM HST


-  INDICATES NEGATIVE NUMBERS.
R  INDICATES RECORD WAS SET OR TIED.
MM INDICATES DATA IS MISSING.
T  INDICATES TRACE AMOUNT.




$$
