000
CDUS44 KLZK 182115
CLIHRO


CLIMATE REPORT
NATIONAL WEATHER SERVICE LITTLE ROCK AR
415 PM CDT SAT APR 18 2015


...................................

...THE HARRISON CLIMATE SUMMARY FOR APRIL 18 2015...
VALID TODAY AS OF 0400 PM LOCAL TIME.

CLIMATE NORMAL PERIOD 1981 TO 2010
CLIMATE RECORD PERIOD 1891 TO 2015


WEATHER ITEM   OBSERVED TIME   RECORD YEAR NORMAL DEPARTURE LAST
                VALUE   (LST)  VALUE       VALUE  FROM      YEAR
                                                  NORMAL
..................................................................
TEMPERATURE (F)
 TODAY
  MAXIMUM         72   1249 PM  92    2006  70      2       73
  MINIMUM         57    622 AM  30    1961  48      9       45
                                      1960
                                      1956
  AVERAGE         65                        59      6       59

PRECIPITATION (IN)
  TODAY            0.08          2.02 1927   0.15  -0.07     0.00
  MONTH TO DATE    1.86                      2.38  -0.52     2.34
  SINCE MAR 1      7.80                      6.17   1.63     6.78
  SINCE JAN 1     11.34                     11.37  -0.03     8.73

SNOWFALL (IN)
  TODAY            0.0           T    1938   0.0    0.0      0.0
  MONTH TO DATE    0.0                       0.3   -0.3      0.0
  SINCE MAR 1      4.3                       2.3    2.0     10.0
  SINCE JUL 1     13.6                      11.5    2.1     25.8
  SNOW DEPTH       0

DEGREE DAYS
 HEATING
  TODAY            0                         7     -7        6
  MONTH TO DATE   98                       171    -73      176
  SINCE MAR 1    604                       679    -75      793
  SINCE JUL 1   3999                      3851    148     4328

 COOLING
  TODAY            0                         1     -1        0
  MONTH TO DATE   17                        18     -1       12
  SINCE MAR 1     21                        24     -3       12
  SINCE JAN 1     21                        24     -3       12
..................................................................


WIND (MPH)
  HIGHEST WIND SPEED    13   HIGHEST WIND DIRECTION    NW (330)
  HIGHEST GUST SPEED    16   HIGHEST GUST DIRECTION    NW (320)
  AVERAGE WIND SPEED     7.5


SKY COVER
  POSSIBLE SUNSHINE  MM
  AVERAGE SKY COVER 0.5


WEATHER CONDITIONS
 THE FOLLOWING WEATHER WAS RECORDED TODAY.
  THUNDERSTORM
  LIGHT RAIN
  FOG
  FOG W/VISIBILITY <= 1/4 MILE


RELATIVE HUMIDITY (PERCENT)
 HIGHEST   100          1200 AM
 LOWEST     66           100 PM
 AVERAGE    83

..........................................................


THE HARRISON CLIMATE NORMALS FOR TOMORROW
                         NORMAL    RECORD    YEAR
 MAXIMUM TEMPERATURE (F)   70        90      1987
 MINIMUM TEMPERATURE (F)   48        26      1953


SUNRISE AND SUNSET
APRIL 18 2015.........SUNRISE   636 AM CDT   SUNSET   749 PM CDT
APRIL 19 2015.........SUNRISE   634 AM CDT   SUNSET   750 PM CDT


-  INDICATES NEGATIVE NUMBERS.
R  INDICATES RECORD WAS SET OR TIED.
MM INDICATES DATA IS MISSING.
T  INDICATES TRACE AMOUNT.




$$
