000
CDUS42 KMHX 270525
CLIHSE


CLIMATE REPORT
NATIONAL WEATHER SERVICE NEWPORT/MOREHEAD CITY NC
125 AM EDT MON APR 27 2015


...................................

...THE CAPE HATTERAS NC CLIMATE SUMMARY FOR APRIL 26 2015...

CLIMATE NORMAL PERIOD 1981 TO 2010
CLIMATE RECORD PERIOD 1874 TO 2015


WEATHER ITEM   OBSERVED TIME   RECORD YEAR NORMAL DEPARTURE LAST
                VALUE   (LST)  VALUE       VALUE  FROM      YEAR
                                                  NORMAL
..................................................................
TEMPERATURE (F)
 YESTERDAY
  MAXIMUM         57   1240 AM  86    1994  69    -12       71
  MINIMUM         49    658 PM  36    1974  55     -6       61
  AVERAGE         53                        62     -9       66

PRECIPITATION (IN)
  YESTERDAY        0.09          2.25 1982   0.11  -0.02     0.00
  MONTH TO DATE    1.91                      3.22  -1.31     4.42
  SINCE MAR 1      4.46                      7.99  -3.53     9.90
  SINCE JAN 1     16.41                     17.25  -0.84    19.99

SNOWFALL (IN)
  YESTERDAY       MM
  MONTH TO DATE    0.0
  SINCE NOV 1      2.0
  SINCE JUL 1      2.0
  SNOW DEPTH       0

DEGREE DAYS
 HEATING
  YESTERDAY       12                         4      8        0
  MONTH TO DATE  121                       176    -55      186
  SINCE MAR 1    541                       595    -54      689
  SINCE JUL 1   2714                      2519    195     2522

 COOLING
  YESTERDAY        0                         1     -1        1
  MONTH TO DATE   16                        17     -1       12
  SINCE MAR 1     17                        20     -3       12
  SINCE JAN 1     19                        20     -1       12
..................................................................


WIND (MPH)
  HIGHEST WIND SPEED    17   HIGHEST WIND DIRECTION    NE (40)
  HIGHEST GUST SPEED    28   HIGHEST GUST DIRECTION     N (20)
  AVERAGE WIND SPEED     9.9


SKY COVER
  POSSIBLE SUNSHINE  MM
  AVERAGE SKY COVER 0.8


WEATHER CONDITIONS
 THE FOLLOWING WEATHER WAS RECORDED YESTERDAY.
  LIGHT RAIN


RELATIVE HUMIDITY (PERCENT)
 HIGHEST   100          1200 AM
 LOWEST     52           800 PM
 AVERAGE    76

..........................................................


THE CAPE HATTERAS NC CLIMATE NORMALS FOR TODAY
                         NORMAL    RECORD    YEAR
 MAXIMUM TEMPERATURE (F)   69        89      1990
 MINIMUM TEMPERATURE (F)   56        33      1972


SUNRISE AND SUNSET
APRIL 27 2015.........SUNRISE   616 AM EDT   SUNSET   745 PM EDT
APRIL 28 2015.........SUNRISE   615 AM EDT   SUNSET   746 PM EDT


-  INDICATES NEGATIVE NUMBERS.
R  INDICATES RECORD WAS SET OR TIED.
MM INDICATES DATA IS MISSING.
T  INDICATES TRACE AMOUNT.




$$
