000
CDUS44 KHUN 250705
CLIHSV


CLIMATE REPORT
NATIONAL WEATHER SERVICE HUNTSVILLE AL
205 AM CDT SAT APR 25 2015


...................................

...THE HUNTSVILLE CLIMATE SUMMARY FOR APRIL 24 2015...

CLIMATE NORMAL PERIOD 1981 TO 2010
CLIMATE RECORD PERIOD 1894 TO 2015


WEATHER ITEM   OBSERVED TIME   RECORD YEAR NORMAL DEPARTURE LAST
                VALUE   (LST)  VALUE       VALUE  FROM      YEAR
                                                  NORMAL
..................................................................
TEMPERATURE (F)
 YESTERDAY
  MAXIMUM         71    242 PM  91    1960  76     -5       82
  MINIMUM         47    559 AM  32    1910  53     -6       44
  AVERAGE         59                        64     -5       63

PRECIPITATION (IN)
  YESTERDAY        0.11          1.93 1937   0.15  -0.04     0.02
  MONTH TO DATE    6.01                      3.42   2.59     4.40
  SINCE MAR 1     11.63                      8.63   3.00     7.08
  SINCE JAN 1     19.37                     18.36   1.01    16.95

SNOWFALL (IN)
  YESTERDAY        0.0
  MONTH TO DATE    0.0
  SINCE MAR 1      1.0
  SINCE JUL 1      9.8
  SNOW DEPTH       0

DEGREE DAYS
 HEATING
  YESTERDAY        6                         3      3        2
  MONTH TO DATE   52                       138    -86      127
  SINCE MAR 1    359                       506   -147      589
  SINCE JUL 1   3000                      2958     42     3424

 COOLING
  YESTERDAY        0                         3     -3        0
  MONTH TO DATE   55                        40     15       21
  SINCE MAR 1     57                        53      4       21
  SINCE JAN 1     57                        54      3       22
..................................................................


WIND (MPH)
  HIGHEST WIND SPEED    12   HIGHEST WIND DIRECTION     E (80)
  HIGHEST GUST SPEED    15   HIGHEST GUST DIRECTION     E (80)
  AVERAGE WIND SPEED     4.4


SKY COVER
  POSSIBLE SUNSHINE  MM
  AVERAGE SKY COVER 0.6


WEATHER CONDITIONS
 THE FOLLOWING WEATHER WAS RECORDED YESTERDAY.
  LIGHT RAIN


RELATIVE HUMIDITY (PERCENT)
 HIGHEST    78           900 PM
 LOWEST     25           100 PM
 AVERAGE    52

..........................................................


THE HUNTSVILLE CLIMATE NORMALS FOR TODAY
                         NORMAL    RECORD    YEAR
 MAXIMUM TEMPERATURE (F)   76        90      1960
 MINIMUM TEMPERATURE (F)   53        26      1910


SUNRISE AND SUNSET
APRIL 25 2015.........SUNRISE   604 AM CDT   SUNSET   727 PM CDT
APRIL 26 2015.........SUNRISE   603 AM CDT   SUNSET   728 PM CDT


-  INDICATES NEGATIVE NUMBERS.
R  INDICATES RECORD WAS SET OR TIED.
MM INDICATES DATA IS MISSING.
T  INDICATES TRACE AMOUNT.




$$
