000
CDUS45 KPIH 242322
CLIIDA


CLIMATE REPORT
NATIONAL WEATHER SERVICE POCATELLO ID
522 PM MDT FRI APR 24 2015


...................................

...THE IDAHO FALLS ID CLIMATE SUMMARY FOR APRIL 24 2015...
VALID TODAY AS OF 0500 PM LOCAL TIME.

CLIMATE NORMAL PERIOD 1981 TO 2010
CLIMATE RECORD PERIOD 1948 TO 2015


WEATHER ITEM   OBSERVED TIME   RECORD YEAR NORMAL DEPARTURE LAST
                VALUE   (LST)  VALUE       VALUE  FROM      YEAR
                                                  NORMAL
..................................................................
TEMPERATURE (F)
 TODAY
  MAXIMUM         64    104 PM  81    1977  61      3       56
  MINIMUM         34    603 AM  19    2002  33      1       33
                                      1950
  AVERAGE         49                        47      2       45

PRECIPITATION (IN)
  TODAY            0.00          0.54 1971   0.05  -0.05      T
  MONTH TO DATE    0.32                      0.85  -0.53     0.40
  SINCE OCT 1      2.30                      5.63  -3.33     3.99
  SINCE JAN 1      0.84                      3.06  -2.22     2.69

SNOWFALL (IN)
  TODAY           MM
  MONTH TO DATE   MM
  SINCE MAR 1     MM
  SINCE JUL 1     MM
  SNOW DEPTH      MM

DEGREE DAYS
 HEATING
  TODAY           16                        18     -2       20
  MONTH TO DATE  488                       506    -18      470
  SINCE MAR 1   1180                      1408   -228     1262
  SINCE JUL 1   5998                      7210  -1212     6779

 COOLING
  TODAY            0                         0      0        0
  MONTH TO DATE    0                         0      0        0
  SINCE MAR 1      0                         0      0        0
  SINCE JAN 1      0                         0      0        0
..................................................................


WIND (MPH)
  HIGHEST WIND SPEED    26   HIGHEST WIND DIRECTION    SW (220)
  HIGHEST GUST SPEED    34   HIGHEST GUST DIRECTION    SW (210)
  AVERAGE WIND SPEED    10.9


SKY COVER
  POSSIBLE SUNSHINE  MM
  AVERAGE SKY COVER 0.4


WEATHER CONDITIONS
 THE FOLLOWING WEATHER WAS RECORDED TODAY.
  NO SIGNIFICANT WEATHER WAS OBSERVED.


RELATIVE HUMIDITY (PERCENT)
 HIGHEST    82           400 AM
 LOWEST     36           100 PM
 AVERAGE    59

..........................................................


THE IDAHO FALLS ID CLIMATE NORMALS FOR TOMORROW
                         NORMAL    RECORD    YEAR
 MAXIMUM TEMPERATURE (F)   61        82      1977
 MINIMUM TEMPERATURE (F)   33        23      2009


SUNRISE AND SUNSET
APRIL 24 2015.........SUNRISE   632 AM MDT   SUNSET   822 PM MDT
APRIL 25 2015.........SUNRISE   630 AM MDT   SUNSET   823 PM MDT


-  INDICATES NEGATIVE NUMBERS.
R  INDICATES RECORD WAS SET OR TIED.
MM INDICATES DATA IS MISSING.
T  INDICATES TRACE AMOUNT.




$$
