000
CDUS42 KILM 270841
CLIILM


CLIMATE REPORT
NATIONAL WEATHER SERVICE WILMINGTON NC
441 AM EDT MON APR 27 2015


...................................

...THE WILMINGTON NC CLIMATE SUMMARY FOR APRIL 26 2015...

CLIMATE NORMAL PERIOD 1981 TO 2010
CLIMATE RECORD PERIOD 1871 TO 2015


WEATHER ITEM   OBSERVED TIME   RECORD YEAR NORMAL DEPARTURE LAST
                VALUE   (LST)  VALUE       VALUE  FROM      YEAR
                                                  NORMAL
..................................................................
TEMPERATURE (F)
 YESTERDAY
  MAXIMUM         67    245 AM  93    1990  77    -10       79
  MINIMUM         52   1159 PM  37    1888  54     -2       57
  AVERAGE         60                        65     -5       68

PRECIPITATION (IN)
  YESTERDAY        0.02          2.69 1979   0.09  -0.07     0.00
  MONTH TO DATE    1.81                      2.44  -0.63     4.44
  SINCE MAR 1      5.24                      6.65  -1.41    10.83
  SINCE JAN 1     14.56                     14.03   0.53    16.29

SNOWFALL (IN)
  YESTERDAY        0.0          MM      MM   0.0    0.0      0.0
  MONTH TO DATE    0.0                       0.0    0.0      0.0
  SINCE MAR 1      0.0                       0.2   -0.2      0.0
  SINCE JUL 1      0.3                       1.7   -1.4      1.0
  SNOW DEPTH       0

DEGREE DAYS
 HEATING
  YESTERDAY        5                         3      2        0
  MONTH TO DATE   68                       122    -54       85
  SINCE MAR 1    381                       445    -64      498
  SINCE JUL 1   2564                      2374    190     2432

 COOLING
  YESTERDAY        0                         3     -3        3
  MONTH TO DATE   63                        53     10       69
  SINCE MAR 1     83                        69     14       71
  SINCE JAN 1     89                        74     15       76
..................................................................


WIND (MPH)
  HIGHEST WIND SPEED    17   HIGHEST WIND DIRECTION     N (20)
  HIGHEST GUST SPEED    22   HIGHEST GUST DIRECTION     N (20)
  AVERAGE WIND SPEED     7.9


SKY COVER
  POSSIBLE SUNSHINE  MM
  AVERAGE SKY COVER 1.0


WEATHER CONDITIONS
 THE FOLLOWING WEATHER WAS RECORDED YESTERDAY.
  LIGHT RAIN
  FOG


RELATIVE HUMIDITY (PERCENT)
 HIGHEST   100          1200 AM
 LOWEST     72           100 PM
 AVERAGE    86

..........................................................


THE WILMINGTON NC CLIMATE NORMALS FOR TODAY
                         NORMAL    RECORD    YEAR
 MAXIMUM TEMPERATURE (F)   77        94      1990
 MINIMUM TEMPERATURE (F)   55        39      2001
                                             1972


SUNRISE AND SUNSET
APRIL 27 2015.........SUNRISE   627 AM EDT   SUNSET   753 PM EDT
APRIL 28 2015.........SUNRISE   626 AM EDT   SUNSET   753 PM EDT


-  INDICATES NEGATIVE NUMBERS.
R  INDICATES RECORD WAS SET OR TIED.
MM INDICATES DATA IS MISSING.
T  INDICATES TRACE AMOUNT.




$$
