000
CDUS42 KJAX 060538
CLIJAX


CLIMATE REPORT
NATIONAL WEATHER SERVICE JACKSONVILLE FL
137 AM EDT WED MAY 6 2015


...................................

...THE JACKSONVILLE CLIMATE SUMMARY FOR MAY 5 2015...

CLIMATE NORMAL PERIOD 1981 TO 2010
CLIMATE RECORD PERIOD 1871 TO 2015


WEATHER ITEM   OBSERVED TIME   RECORD YEAR NORMAL DEPARTURE LAST
                VALUE   (LST)  VALUE       VALUE  FROM      YEAR
                                                  NORMAL
..................................................................
TEMPERATURE (F)
 YESTERDAY
  MAXIMUM         80    157 PM  94    1898  83     -3       91
  MINIMUM         59    506 AM  46    1976  59      0       56
                                      1971
  AVERAGE         70                        71     -1       74

PRECIPITATION (IN)
  YESTERDAY        0.00          0.95 1907   0.07  -0.07     0.00
  MONTH TO DATE    0.00                      0.31  -0.31     1.44
  SINCE MAR 1      4.96                      6.90  -1.94    12.08
  SINCE JAN 1     11.36                     13.39  -2.03    21.79

SNOWFALL (IN)
  YESTERDAY        0.0           0.0  2002   0.0    0.0      0.0
                                      2001
  MONTH TO DATE    0.0                       0.0    0.0      0.0
  SINCE MAR 1      0.0                       T      0.0      0.0
  SINCE JUL 1      T                         T      0.0      0.0
  SNOW DEPTH       0

DEGREE DAYS
 HEATING
  YESTERDAY        0                         0      0        0
  MONTH TO DATE    2                         3     -1        5
  SINCE MAR 1     89                       214   -125      231
  SINCE JUL 1   1337                      1347    -10     1308

 COOLING
  YESTERDAY        5                         7     -2        9
  MONTH TO DATE    9                        32    -23       24
  SINCE MAR 1    332                       199    133      193
  SINCE JAN 1    345                       228    117      223
..................................................................


WIND (MPH)
  HIGHEST WIND SPEED    23   HIGHEST WIND DIRECTION    NE (60)
  HIGHEST GUST SPEED    30   HIGHEST GUST DIRECTION    NE (60)
  AVERAGE WIND SPEED    10.4


SKY COVER
  POSSIBLE SUNSHINE  MM
  AVERAGE SKY COVER 0.6


WEATHER CONDITIONS
 THE FOLLOWING WEATHER WAS RECORDED YESTERDAY.
  NO SIGNIFICANT WEATHER WAS OBSERVED.


RELATIVE HUMIDITY (PERCENT)
 HIGHEST    93          1200 AM
 LOWEST     51           100 PM
 AVERAGE    72

..........................................................


THE JACKSONVILLE CLIMATE NORMALS FOR TODAY
                         NORMAL    RECORD    YEAR
 MAXIMUM TEMPERATURE (F)   84        96      2012
 MINIMUM TEMPERATURE (F)   60        45      1973


SUNRISE AND SUNSET
MAY  6 2015...........SUNRISE   639 AM EDT   SUNSET   808 PM EDT
MAY  7 2015...........SUNRISE   638 AM EDT   SUNSET   809 PM EDT


-  INDICATES NEGATIVE NUMBERS.
R  INDICATES RECORD WAS SET OR TIED.
MM INDICATES DATA IS MISSING.
T  INDICATES TRACE AMOUNT.




$$
