000
CDUS45 KBOI 280931
CLIJER


CLIMATE REPORT
NATIONAL WEATHER SERVICE BOISE ID
331 AM MDT TUE APR 28 2015


...................................

...THE JEROME ID CLIMATE SUMMARY FOR APRIL 27 2015...

CLIMATE NORMAL PERIOD 1981 TO 2010
CLIMATE RECORD PERIOD 1919 TO 2015


WEATHER ITEM   OBSERVED TIME   RECORD YEAR NORMAL DEPARTURE LAST
                VALUE   (LST)  VALUE       VALUE  FROM      YEAR
                                                  NORMAL
..................................................................
TEMPERATURE (F)
 YESTERDAY
  MAXIMUM         63    524 PM  86    1992  61      2       52
  MINIMUM         30    556 AM  24    1984  37     -7       30
  AVERAGE         47                        49     -2       41

PRECIPITATION (IN)
  YESTERDAY        0.00          1.10 1963   0.05  -0.05     0.05
  MONTH TO DATE    0.17                      1.19  -1.02     0.69
  SINCE OCT 1      4.91                      7.73  -2.82     4.94
  SINCE JAN 1      2.01                      4.21  -2.20     4.34

DEGREE DAYS
 HEATING
  YESTERDAY       18                        16      2       24
  MONTH TO DATE  484                       502    -18      459
  SINCE MAR 1   1039                      1271   -232     1159
  SINCE JUL 1   5081                      6158  -1077     5827

 COOLING
  YESTERDAY        0                         0      0        0
  MONTH TO DATE    0                         0      0        0
  SINCE MAR 1      0                         0      0        0
  SINCE JAN 1      0                         0      0        0
..................................................................


WIND (MPH)
  HIGHEST WIND SPEED    12   HIGHEST WIND DIRECTION     S (170)
  HIGHEST GUST SPEED    14   HIGHEST GUST DIRECTION     S (170)
  AVERAGE WIND SPEED     5.7


SKY COVER
  AVERAGE SKY COVER 0.0


WEATHER CONDITIONS
 THE FOLLOWING WEATHER WAS RECORDED YESTERDAY.
  NO SIGNIFICANT WEATHER WAS OBSERVED.


RELATIVE HUMIDITY (PERCENT)
 HIGHEST    63           600 AM
 LOWEST     20           500 PM
 AVERAGE    42

..........................................................


THE JEROME ID CLIMATE NORMALS FOR TODAY
                         NORMAL    RECORD    YEAR
 MAXIMUM TEMPERATURE (F)   62        88      2000
 MINIMUM TEMPERATURE (F)   37        24      1958


SUNRISE AND SUNSET
APRIL 28 2015.........SUNRISE   637 AM MDT   SUNSET   835 PM MDT
APRIL 29 2015.........SUNRISE   635 AM MDT   SUNSET   836 PM MDT


-  INDICATES NEGATIVE NUMBERS.
R  INDICATES RECORD WAS SET OR TIED.
MM INDICATES DATA IS MISSING.
T  INDICATES TRACE AMOUNT.




$$
