000
CDUS43 KBIS 260028
CLIJMS


CLIMATE REPORT
NATIONAL WEATHER SERVICE BISMARCK ND
728 PM CDT SAT APR 25 2015


...................................

...THE JAMESTOWN ND CLIMATE SUMMARY FOR APRIL 25 2015...
VALID TODAY AS OF 0700 PM LOCAL TIME.

CLIMATE NORMAL PERIOD 1981 TO 2010
CLIMATE RECORD PERIOD 1891 TO 2015


WEATHER ITEM   OBSERVED TIME   RECORD YEAR NORMAL DEPARTURE LAST
                VALUE   (LST)  VALUE       VALUE  FROM      YEAR
                                                  NORMAL
..................................................................
TEMPERATURE (F)
 TODAY
  MAXIMUM         51    559 PM  83    1962  60     -9       59
  MINIMUM         41    718 AM  17    1907  34      7       33
  AVERAGE         46                        47     -1       46

PRECIPITATION (IN)
  TODAY            0.00          2.07 1935   0.05  -0.05     0.00
  MONTH TO DATE    0.33                      0.90  -0.57     0.53
  SINCE MAR 1      0.94                      1.74  -0.80     0.69
  SINCE JAN 1      1.36                      2.59  -1.23     1.08

DEGREE DAYS
 HEATING
  TODAY           19                        18      1       19
  MONTH TO DATE  541                       594    -53      661
  SINCE MAR 1   1533                      1755   -222     1932
  SINCE JUL 1   8270                      8514   -244     9200

 COOLING
  TODAY            0                         0      0        0
  MONTH TO DATE    0                         0      0        0
  SINCE MAR 1      0                         0      0        0
  SINCE JAN 1      0                         0      0        0
..................................................................


WIND (MPH)
  RESULTANT WIND SPEED  11   RESULTANT WIND DIRECTION   E (100)
  HIGHEST WIND SPEED    15   HIGHEST WIND DIRECTION    SE (120)
  HIGHEST GUST SPEED    19   HIGHEST GUST DIRECTION    SE (140)
  AVERAGE WIND SPEED    11.6


SKY COVER
  POSSIBLE SUNSHINE  MM
  AVERAGE SKY COVER 1.0


WEATHER CONDITIONS
 THE FOLLOWING WEATHER WAS RECORDED TODAY.
  FOG


RELATIVE HUMIDITY (PERCENT)
 HIGHEST    96           200 AM
 LOWEST     68           500 PM
 AVERAGE    82

..........................................................


THE JAMESTOWN ND CLIMATE NORMALS FOR TOMORROW
                         NORMAL    RECORD    YEAR
 MAXIMUM TEMPERATURE (F)   61        90      1952
 MINIMUM TEMPERATURE (F)   35        18      1933


SUNRISE AND SUNSET
APRIL 25 2015.........SUNRISE   630 AM CDT   SUNSET   837 PM CDT
APRIL 26 2015.........SUNRISE   628 AM CDT   SUNSET   838 PM CDT


-  INDICATES NEGATIVE NUMBERS.
R  INDICATES RECORD WAS SET OR TIED.
MM INDICATES DATA IS MISSING.
T  INDICATES TRACE AMOUNT.




$$
