000
CDAK47 PAJK 050031
CLIJNU
AKZ025-051200-
CLIMATE REPORT
NATIONAL WEATHER SERVICE JUNEAU, AK
430 PM AKDT MON MAY 4 2015


...................................

...THE JUNEAU CLIMATE SUMMARY FOR MAY 4 2015...
VALID TODAY AS OF 0300 PM LOCAL TIME.

CLIMATE NORMAL PERIOD 1981 TO 2010
CLIMATE RECORD PERIOD 1943 TO 2015


WEATHER ITEM   OBSERVED TIME   RECORD YEAR NORMAL DEPARTURE LAST
                VALUE   (LST)  VALUE       VALUE  FROM      YEAR
                                                  NORMAL
..................................................................
TEMPERATURE (F)
 TODAY
  MAXIMUM         61    258 PM  66    1991  54      7       63
  MINIMUM         37    318 AM  26    2003  37      0       34
                                      1959
  AVERAGE         49                        46      3       49

PRECIPITATION (IN)
  TODAY            0.00          0.82 1992   0.10  -0.10     0.00
  MONTH TO DATE    0.24                      0.42  -0.18     0.00
  SINCE MAR 1     11.94                      7.14   4.80     6.12
  SINCE JAN 1     27.54                     16.62  10.92    18.25

DEGREE DAYS
 HEATING
  TODAY           16                        20     -4       16
  MONTH TO DATE   73                        80     -7       47
  SINCE MAR 1   1617                      1771   -154     1790
  SINCE JUL 1   6838                      7608   -770     7431

 COOLING
  TODAY            0                         0      0        0
  MONTH TO DATE    0                         0      0        0
  SINCE MAR 1      0                         0      0        0
  SINCE JAN 1      0                         0      0        0
..................................................................

WIND (MPH)
  HIGHEST WIND SPEED    23   HIGHEST WIND DIRECTION     E (90)
  HIGHEST GUST SPEED    32   HIGHEST GUST DIRECTION     E (90)
  AVERAGE WIND SPEED     9.0


SKY COVER
  POSSIBLE SUNSHINE  MM
  AVERAGE SKY COVER 0.1


WEATHER CONDITIONS
 THE FOLLOWING WEATHER WAS RECORDED TODAY.
  NO SIGNIFICANT WEATHER WAS OBSERVED.


RELATIVE HUMIDITY (PERCENT)
 HIGHEST    85           100 AM
 LOWEST     24           100 PM
 AVERAGE    55

..........................................................

THE JUNEAU CLIMATE NORMALS FOR TOMORROW
                         NORMAL    RECORD    YEAR
 MAXIMUM TEMPERATURE (F)   54        69      1956
 MINIMUM TEMPERATURE (F)   38        26      2003


SUNRISE AND SUNSET
MAY  4 2015...........SUNRISE   457 AM AKDT  SUNSET   855 PM AKDT
MAY  5 2015...........SUNRISE   455 AM AKDT  SUNSET   857 PM AKDT


-  INDICATES NEGATIVE NUMBERS.
R  INDICATES RECORD WAS SET OR TIED.
MM INDICATES DATA IS MISSING.
T  INDICATES TRACE AMOUNT.


$$


&&
----------------------------
AMOUNT OF DAYLIGHT TODAY  (HOUR:MIN)........15:58
GAIN/LOSS SINCE YESTERDAY (HOUR:MIN:SEC)....+0:04:42
