000
CDUS41 KCTP 032117
CLIJST


CLIMATE REPORT
NATIONAL WEATHER SERVICE STATE COLLEGE PA
517 PM EDT SUN MAY 3 2015


...................................

...THE JOHNSTOWN CLIMATE SUMMARY FOR MAY 3 2015...
VALID TODAY AS OF 0500 PM LOCAL TIME.

CLIMATE NORMAL PERIOD 1981 TO 2010
CLIMATE RECORD PERIOD 2000 TO 2015


WEATHER ITEM   OBSERVED TIME   RECORD YEAR NORMAL DEPARTURE LAST
                VALUE   (LST)  VALUE       VALUE  FROM      YEAR
                                                  NORMAL
..................................................................
TEMPERATURE (F)
 TODAY
  MAXIMUM         71    335 PM  93    1954  63      8       56
  MINIMUM         49    436 AM  29    1941  44      5       43
  AVERAGE         60                        53      7       50

PRECIPITATION (IN)
  TODAY            0.00          1.80 1956   0.12  -0.12     0.12
  MONTH TO DATE    0.06                      0.34  -0.28     0.15
  SINCE MAR 1      8.52                      7.22   1.30     5.89
  SINCE JAN 1     11.92                     12.45  -0.53     9.93

DEGREE DAYS
 HEATING
  TODAY            5                        12     -7       15
  MONTH TO DATE   23                        37    -14       47
  SINCE MAR 1   1479                      1488     -9     1677
  SINCE JUL 1   6668                      6368    300     7005

 COOLING
  TODAY            0                         0      0        0
  MONTH TO DATE    0                         0      0        0
  SINCE MAR 1      0                         5     -5        4
  SINCE JAN 1      0                         5     -5        4
..................................................................


WIND (MPH)
  HIGHEST WIND SPEED    20   HIGHEST WIND DIRECTION     W (280)
  HIGHEST GUST SPEED    26   HIGHEST GUST DIRECTION     W (270)
  AVERAGE WIND SPEED     7.2


SKY COVER
  POSSIBLE SUNSHINE  MM
  AVERAGE SKY COVER 0.2


WEATHER CONDITIONS
 THE FOLLOWING WEATHER WAS RECORDED TODAY.
  NO SIGNIFICANT WEATHER WAS OBSERVED.


RELATIVE HUMIDITY (PERCENT)
 HIGHEST    54           600 AM
 LOWEST     31          1200 PM
 AVERAGE    43

..........................................................


THE JOHNSTOWN CLIMATE NORMALS FOR TOMORROW
                         NORMAL    RECORD    YEAR
 MAXIMUM TEMPERATURE (F)   63        91      1895
 MINIMUM TEMPERATURE (F)   44        27      1957


SUNRISE AND SUNSET
MAY  3 2015...........SUNRISE   613 AM EDT   SUNSET   812 PM EDT
MAY  4 2015...........SUNRISE   611 AM EDT   SUNSET   813 PM EDT


-  INDICATES NEGATIVE NUMBERS.
R  INDICATES RECORD WAS SET OR TIED.
MM INDICATES DATA IS MISSING.
T  INDICATES TRACE AMOUNT.




$$
