000
CDUS43 KIND 210532
CLILAF


CLIMATE REPORT
NATIONAL WEATHER SERVICE INDIANAPOLIS IN
131 AM EDT TUE APR 21 2015


...................................

...THE LAFAYETTE IN CLIMATE SUMMARY FOR APRIL 20 2015...

CLIMATE NORMAL PERIOD 1981 TO 2010
CLIMATE RECORD PERIOD 9999 TO 9999


WEATHER ITEM   OBSERVED TIME   NORMAL DEPARTURE LAST
                VALUE   (LST)  VALUE  FROM      YEAR
                                      NORMAL
......................................................
TEMPERATURE (F)
 YESTERDAY
  MAXIMUM         57    548 AM  65     -8       75
  MINIMUM         42   1159 PM  42      0       40
  AVERAGE         50            54     -4       58

PRECIPITATION (IN)
  YESTERDAY        T             0.13  -0.13     0.00
  MONTH TO DATE    1.57          2.27  -0.70     3.53
  SINCE MAR 1      2.35          4.94  -2.59     5.03
  SINCE JAN 1      4.08          8.56  -4.48     8.37

DEGREE DAYS
 HEATING
  YESTERDAY       15            12      3        7
  MONTH TO DATE  213           303    -90      323
  SINCE MAR 1   1098          1054     44     1311
  SINCE JUL 1   6176          5388    788     6273

 COOLING
  YESTERDAY        0             1     -1        0
  MONTH TO DATE    2             2      0        1
  SINCE MAR 1      2             3     -1        1
  SINCE JAN 1      2             3     -1        1
......................................................


WIND (MPH)
  HIGHEST WIND SPEED    30   HIGHEST WIND DIRECTION     W (270)
  HIGHEST GUST SPEED    37   HIGHEST GUST DIRECTION     W (260)
  AVERAGE WIND SPEED    14.1


SKY COVER
  AVERAGE SKY COVER 1.0


WEATHER CONDITIONS
 THE FOLLOWING WEATHER WAS RECORDED YESTERDAY.
  LIGHT RAIN
  FOG


RELATIVE HUMIDITY (PERCENT)
 HIGHEST    93          1200 AM
 LOWEST     56           400 PM
 AVERAGE    75

..........................................................


THE LAFAYETTE IN CLIMATE NORMALS FOR TODAY
                         NORMAL
 MAXIMUM TEMPERATURE (F)   65
 MINIMUM TEMPERATURE (F)   43


SUNRISE AND SUNSET
APRIL 21 2015.........SUNRISE   701 AM EDT   SUNSET   833 PM EDT
APRIL 22 2015.........SUNRISE   659 AM EDT   SUNSET   834 PM EDT


-  INDICATES NEGATIVE NUMBERS.
R  INDICATES RECORD WAS SET OR TIED.
MM INDICATES DATA IS MISSING.
T  INDICATES TRACE AMOUNT.




$$
