000
CDUS45 KVEF 010828
CLILAS


CLIMATE REPORT
NATIONAL WEATHER SERVICE LAS VEGAS, NV
126 AM PDT WED APR 1 2015


...................................

...THE LAS VEGAS NV CLIMATE SUMMARY FOR MARCH 31 2015...

CLIMATE NORMAL PERIOD 1981 TO 2010
CLIMATE RECORD PERIOD 1937 TO 2015


WEATHER ITEM   OBSERVED TIME   RECORD YEAR NORMAL DEPARTURE LAST
                VALUE   (LST)  VALUE       VALUE  FROM      YEAR
                                                  NORMAL
..................................................................
TEMPERATURE (F)
 YESTERDAY
  MAXIMUM         89    200 PM  91    1966  74     15       73
  MINIMUM         65        MM  25    1938  52     13       51
  AVERAGE         77                        63     14       62

PRECIPITATION (IN)
  YESTERDAY        0.00          0.62 1975   0.01  -0.01     0.00
  MONTH TO DATE    0.28                      0.44  -0.16     0.00
  SINCE OCT 1      1.99                      2.87  -0.88     1.72
  SINCE JAN 1      1.69                      1.74  -0.05     0.30

SNOWFALL (IN)
  YESTERDAY        0.0           0.0  2014   0.0    0.0      0.0
  MONTH TO DATE    0.0                       0.0    0.0      0.0
  SINCE MAR 1      0.0                       0.0    0.0      0.0
  SINCE JUL 1      T                         0.3   -0.3      0.0
  SNOW DEPTH       0

DEGREE DAYS
 HEATING
  YESTERDAY        0                         4     -4        3
  MONTH TO DATE   76                       189   -113       85
  SINCE MAR 1     76                       189   -113       85
  SINCE JUL 1   1183                      1880   -697     1471

 COOLING
  YESTERDAY       12                         2     10        0
  MONTH TO DATE  138                        30    108       31
  SINCE MAR 1    138                        30    108       31
  SINCE JAN 1    148                        31    117       34
..................................................................


WIND (MPH)
  RESULTANT WIND SPEED  13   RESULTANT WIND DIRECTION   S (200)
  HIGHEST WIND SPEED    25   HIGHEST WIND DIRECTION     S (190)
  HIGHEST GUST SPEED    40   HIGHEST GUST DIRECTION    SW (220)
  AVERAGE WIND SPEED    13.2


SKY COVER
  POSSIBLE SUNSHINE  MM
  AVERAGE SKY COVER 0.4


WEATHER CONDITIONS
 THE FOLLOWING WEATHER WAS RECORDED YESTERDAY.
  NO SIGNIFICANT WEATHER WAS OBSERVED.


RELATIVE HUMIDITY (PERCENT)
 HIGHEST    20           600 AM
 LOWEST      4           200 PM
 AVERAGE    12

..........................................................


THE LAS VEGAS NV CLIMATE NORMALS FOR TODAY
                         NORMAL    RECORD    YEAR
 MAXIMUM TEMPERATURE (F)   74        92      2011
                                             1966
 MINIMUM TEMPERATURE (F)   52        35      1948


SUNRISE AND SUNSET
APRIL  1 2015.........SUNRISE   627 AM PDT   SUNSET   702 PM PDT
APRIL  2 2015.........SUNRISE   626 AM PDT   SUNSET   703 PM PDT


-  INDICATES NEGATIVE NUMBERS.
R  INDICATES RECORD WAS SET OR TIED.
MM INDICATES DATA IS MISSING.
T  INDICATES TRACE AMOUNT.




$$
