000
CDUS44 KLUB 260628
CLILBB


CLIMATE REPORT
NATIONAL WEATHER SERVICE LUBBOCK, TX
127 AM CDT SUN APR 26 2015


...................................

...THE LUBBOCK CLIMATE SUMMARY FOR APRIL 25 2015...

CLIMATE NORMAL PERIOD 1981 TO 2010
CLIMATE RECORD PERIOD 1911 TO 2015


WEATHER ITEM   OBSERVED TIME   RECORD YEAR NORMAL DEPARTURE LAST
                VALUE   (LST)  VALUE       VALUE  FROM      YEAR
                                                  NORMAL
..................................................................
TEMPERATURE (F)
 YESTERDAY
  MAXIMUM         82    304 PM 104    2012  78      4       90
  MINIMUM         50    211 AM  35    1947  49      1       49
                                      1927
                                      1918
  AVERAGE         66                        64      2       70

PRECIPITATION (IN)
  YESTERDAY        0.00          1.68 1966   0.06  -0.06     0.00
  MONTH TO DATE    0.65                      1.12  -0.47     0.57
  SINCE MAR 1      0.95                      2.22  -1.27     0.74
  SINCE JAN 1      3.22                      3.62  -0.40     0.90

SNOWFALL (IN)
  YESTERDAY        0.0           0.0  2002   0.0    0.0      0.0
  MONTH TO DATE    0.0                       0.2   -0.2       T
  SINCE MAR 1      1.1                       0.8    0.3       T
  SINCE JUL 1     14.7                       8.2    6.5      4.2
  SNOW DEPTH       0

DEGREE DAYS
 HEATING
  YESTERDAY        0                         4     -4        0
  MONTH TO DATE   90                       165    -75      142
  SINCE MAR 1    470                       580   -110      582
  SINCE JUL 1   3189                      3319   -130     3434

 COOLING
  YESTERDAY        1                         2     -1        5
  MONTH TO DATE   51                        35     16       42
  SINCE MAR 1     54                        42     12       45
  SINCE JAN 1     54                        42     12       45
..................................................................


WIND (MPH)
  RESULTANT WIND SPEED  14   RESULTANT WIND DIRECTION   W (260)
  HIGHEST WIND SPEED    28   HIGHEST WIND DIRECTION    SW (230)
  HIGHEST GUST SPEED    35   HIGHEST GUST DIRECTION    SW (240)
  AVERAGE WIND SPEED    15.3


SKY COVER
  AVERAGE SKY COVER 0.1


WEATHER CONDITIONS
 THE FOLLOWING WEATHER WAS RECORDED YESTERDAY.
  NO SIGNIFICANT WEATHER WAS OBSERVED.


RELATIVE HUMIDITY (PERCENT)
 HIGHEST    50           200 AM
 LOWEST     15           300 PM
 AVERAGE    33

..........................................................


THE LUBBOCK CLIMATE NORMALS FOR TODAY
                         NORMAL    RECORD    YEAR
 MAXIMUM TEMPERATURE (F)   78        96      1943
 MINIMUM TEMPERATURE (F)   49        29      1947


SUNRISE AND SUNSET
APRIL 26 2015.........SUNRISE   704 AM CDT   SUNSET   826 PM CDT
APRIL 27 2015.........SUNRISE   703 AM CDT   SUNSET   827 PM CDT


-  INDICATES NEGATIVE NUMBERS.
R  INDICATES RECORD WAS SET OR TIED.
MM INDICATES DATA IS MISSING.
T  INDICATES TRACE AMOUNT.




$$
