000
CDUS43 KLBF 270941
CLILBF

CLIMATE REPORT
NATIONAL WEATHER SERVICE NORTH PLATTE
440 AM CDT MON APR 27 2015


...................................

...THE NORTH PLATTE NE CLIMATE SUMMARY FOR APRIL 26 2015...

CLIMATE NORMAL PERIOD 1981 TO 2010
CLIMATE RECORD PERIOD 1874 TO 2015


WEATHER ITEM   OBSERVED TIME   RECORD YEAR NORMAL DEPARTURE LAST
                VALUE   (LST)  VALUE       VALUE  FROM      YEAR
                                                  NORMAL
..................................................................
TEMPERATURE (F)
 YESTERDAY
  MAXIMUM         52    437 PM  90    1981  66    -14       80
  MINIMUM         43   1127 AM  23    2006  37      6       42
  AVERAGE         48                        51     -3       61

PRECIPITATION (IN)
  YESTERDAY        0.01          1.05 1951   0.09  -0.08     0.00
  MONTH TO DATE    2.99                      1.91   1.08     0.18
  SINCE MAR 1      3.00                      2.96   0.04     0.97
  SINCE JAN 1      3.74                      3.80  -0.06     2.02

SNOWFALL (IN)
  YESTERDAY        0.0           3.0  1958   0.1   -0.1      0.0
  MONTH TO DATE    2.1                       3.1   -1.0      1.1
  SINCE MAR 1      2.4                       7.5   -5.1      7.4
  SINCE JUL 1     21.3                      28.4   -7.1     29.8
  SNOW DEPTH       0

DEGREE DAYS
 HEATING
  YESTERDAY       17                        14      3        4
  MONTH TO DATE  390                       472    -82      421
  SINCE MAR 1   1049                      1309   -260     1295
  SINCE JUL 1   5938                      6337   -399     6486

 COOLING
  YESTERDAY        0                         0      0        0
  MONTH TO DATE    2                         0      2        2
  SINCE MAR 1      2                         0      2        2
  SINCE JAN 1      2                         0      2        2
..................................................................


WIND (MPH)
  HIGHEST WIND SPEED    20   HIGHEST WIND DIRECTION     E (90)
  HIGHEST GUST SPEED    24   HIGHEST GUST DIRECTION     E (90)
  AVERAGE WIND SPEED    10.4


SKY COVER
  POSSIBLE SUNSHINE  MM
  AVERAGE SKY COVER  MM


WEATHER CONDITIONS
 THE FOLLOWING WEATHER WAS RECORDED YESTERDAY.
  LIGHT RAIN


RELATIVE HUMIDITY (PERCENT)
 HIGHEST    MM
 LOWEST     MM
 AVERAGE    MM

..........................................................


THE NORTH PLATTE NE CLIMATE NORMALS FOR TODAY
                         NORMAL    RECORD    YEAR
 MAXIMUM TEMPERATURE (F)   66        86      1952
 MINIMUM TEMPERATURE (F)   37        24      2008


SUNRISE AND SUNSET
APRIL 27 2015.........SUNRISE   646 AM CDT   SUNSET   835 PM CDT
APRIL 28 2015.........SUNRISE   645 AM CDT   SUNSET   836 PM CDT


-  INDICATES NEGATIVE NUMBERS.
R  INDICATES RECORD WAS SET OR TIED.
MM INDICATES DATA IS MISSING.
T  INDICATES TRACE AMOUNT.

$$
