000
CDUS42 KILM 192043
CLILBT


CLIMATE REPORT
NATIONAL WEATHER SERVICE WILMINGTON NC
443 PM EDT SUN APR 19 2015


...................................

...THE LUMBERTON NC CLIMATE SUMMARY FOR APRIL 19 2015...
VALID TODAY AS OF 0400 PM LOCAL TIME.

CLIMATE NORMAL PERIOD 1981 TO 2010
CLIMATE RECORD PERIOD 9999 TO 9999


WEATHER ITEM   OBSERVED TIME   NORMAL DEPARTURE LAST
                VALUE   (LST)  VALUE  FROM      YEAR
                                      NORMAL
......................................................
TEMPERATURE (F)
 TODAY
  MAXIMUM         73   1237 PM  75     -2       53
  MINIMUM         64    556 AM  50     14       48
  AVERAGE         69            62      7       51

PRECIPITATION (IN)
  TODAY            0.10          0.10   0.00     0.87
  MONTH TO DATE    1.37          1.85  -0.48     3.01
  SINCE MAR 1      4.85          5.18  -0.33     6.43
  SINCE JAN 1     14.31         11.05   3.26    12.50

SNOWFALL (IN)
  TODAY           MM
  MONTH TO DATE   MM
  SINCE MAR 1     MM
  SINCE JUL 1     MM
  SNOW DEPTH      MM

DEGREE DAYS
 HEATING
  TODAY            0             4     -4       14
  MONTH TO DATE   46           115    -69       98
  SINCE MAR 1    350           461   -111      610
  SINCE JUL 1   2714          2691     23     2906

 COOLING
  TODAY            4             2      2        0
  MONTH TO DATE   70            30     40       20
  SINCE MAR 1     85            40     45       21
  SINCE JAN 1     85            43     42       22
......................................................


WIND (MPH)
  HIGHEST WIND SPEED    15   HIGHEST WIND DIRECTION    SE (130)
  HIGHEST GUST SPEED    19   HIGHEST GUST DIRECTION    SE (140)
  AVERAGE WIND SPEED     5.1


SKY COVER
  POSSIBLE SUNSHINE  MM
  AVERAGE SKY COVER 0.8


WEATHER CONDITIONS
 THE FOLLOWING WEATHER WAS RECORDED TODAY.
  LIGHT RAIN
  FOG


RELATIVE HUMIDITY (PERCENT)
 HIGHEST    93          1200 AM
 LOWEST     79          1100 AM
 AVERAGE    86

..........................................................


THE LUMBERTON NC CLIMATE NORMALS FOR TOMORROW
                         NORMAL    RECORD    YEAR
 MAXIMUM TEMPERATURE (F)   76        90      2002
 MINIMUM TEMPERATURE (F)   50        41      2013


SUNRISE AND SUNSET
APRIL 19 2015.........SUNRISE   640 AM EDT   SUNSET   751 PM EDT
APRIL 20 2015.........SUNRISE   639 AM EDT   SUNSET   752 PM EDT


-  INDICATES NEGATIVE NUMBERS.
R  INDICATES RECORD WAS SET OR TIED.
MM INDICATES DATA IS MISSING.
T  INDICATES TRACE AMOUNT.




$$
