000
CDUS44 KSHV 070733
CLILFK


CLIMATE REPORT
NATIONAL WEATHER SERVICE SHREVEPORT, LA
233 AM CDT THU MAY 7 2015


...................................

...THE LUFKIN CLIMATE SUMMARY FOR MAY 6 2015...

CLIMATE NORMAL PERIOD 1981 TO 2010
CLIMATE RECORD PERIOD 1906 TO 2015


WEATHER ITEM   OBSERVED TIME   RECORD YEAR NORMAL DEPARTURE LAST
                VALUE   (LST)  VALUE       VALUE  FROM      YEAR
                                                  NORMAL
..................................................................
TEMPERATURE (F)
 YESTERDAY
  MAXIMUM         78    317 PM  94    1984  83     -5       88
  MINIMUM         69    747 AM  44    2013  61      8       60
  AVERAGE         74                        72      2       74

PRECIPITATION (IN)
  YESTERDAY        0.03          0.79 1919   0.14  -0.11     0.00
  MONTH TO DATE    0.06                      0.83  -0.77     0.00
  SINCE DEC 1     22.44                     20.15   2.29    10.45
  SINCE JAN 1     20.39                     15.71   4.68     8.24

SNOWFALL (IN)
  YESTERDAY        0.0
  MONTH TO DATE    0.0
  SINCE MAR 1      0.0
  SINCE JUL 1      T
  SNOW DEPTH       0

DEGREE DAYS
 HEATING
  YESTERDAY        0                         0      0        0
  MONTH TO DATE    0                         1     -1        5
  SINCE MAR 1    171                       280   -109      316
  SINCE JUL 1   1691                      1914   -223     2119

 COOLING
  YESTERDAY        9                         7      2        9
  MONTH TO DATE   50                        39     11       28
  SINCE MAR 1    347                       196    151      204
  SINCE JAN 1    353                       215    138      222
..................................................................


WIND (MPH)
  HIGHEST WIND SPEED    21   HIGHEST WIND DIRECTION    SE (150)
  HIGHEST GUST SPEED    25   HIGHEST GUST DIRECTION    SE (140)
  AVERAGE WIND SPEED     7.7


SKY COVER
  POSSIBLE SUNSHINE  MM
  AVERAGE SKY COVER 0.6


WEATHER CONDITIONS
 THE FOLLOWING WEATHER WAS RECORDED YESTERDAY.
  THUNDERSTORM


RELATIVE HUMIDITY (PERCENT)
 HIGHEST    90           200 AM
 LOWEST     74           100 PM
 AVERAGE    82

..........................................................


THE LUFKIN CLIMATE NORMALS FOR TODAY
                         NORMAL    RECORD    YEAR
 MAXIMUM TEMPERATURE (F)   83        94      2010
 MINIMUM TEMPERATURE (F)   61        44      1931


SUNRISE AND SUNSET
MAY  7 2015...........SUNRISE   629 AM CDT   SUNSET   802 PM CDT
MAY  8 2015...........SUNRISE   628 AM CDT   SUNSET   803 PM CDT


-  INDICATES NEGATIVE NUMBERS.
R  INDICATES RECORD WAS SET OR TIED.
MM INDICATES DATA IS MISSING.
T  INDICATES TRACE AMOUNT.




$$
