000
CDUS45 KRIW 050742
CLILND


CLIMATE REPORT
NATIONAL WEATHER SERVICE RIVERTON WY
142 AM MDT TUE MAY 5 2015


...................................

...THE LANDER WY CLIMATE SUMMARY FOR MAY 4 2015...

CLIMATE NORMAL PERIOD 1981 TO 2010
CLIMATE RECORD PERIOD 1891 TO 2015


WEATHER ITEM   OBSERVED TIME   RECORD YEAR NORMAL DEPARTURE LAST
                VALUE   (LST)  VALUE       VALUE  FROM      YEAR
                                                  NORMAL
..................................................................
TEMPERATURE (F)
 YESTERDAY
  MAXIMUM         69    348 PM  85    2000  63      6       74
                                      1947
  MINIMUM         40    612 AM  24    1950  37      3       40
                                      1899
  AVERAGE         55                        50      5       57

PRECIPITATION (IN)
  YESTERDAY        0.00          1.31 1892   0.07  -0.07     0.00
  MONTH TO DATE    T                         0.30  -0.30     0.00
  SINCE MAR 1      2.86                      3.33  -0.47     1.88
  SINCE JAN 1      4.42                      4.32   0.10     2.68

SNOWFALL (IN)
  YESTERDAY        0.0                       0.3   -0.3      0.0
  MONTH TO DATE    0.0                       1.4   -1.4      0.0
  SINCE MAR 1     19.2                      34.3  -15.1     18.2
  SINCE JUL 1     73.1                      87.9  -14.8     73.5
  SNOW DEPTH       0

DEGREE DAYS
 HEATING
  YESTERDAY       10                        16     -6        8
  MONTH TO DATE   32                        64    -32       32
  SINCE MAR 1   1390                      1614   -224     1548
  SINCE JUL 1   6514                      7318   -804     7284

 COOLING
  YESTERDAY        0                         0      0        0
  MONTH TO DATE    0                         0      0        2
  SINCE MAR 1      0                         0      0        2
  SINCE JAN 1      0                         0      0        2
..................................................................


WIND (MPH)
  HIGHEST WIND SPEED    29   HIGHEST WIND DIRECTION     S (190)
  HIGHEST GUST SPEED    32   HIGHEST GUST DIRECTION     S (190)
  AVERAGE WIND SPEED     6.4


SKY COVER
  POSSIBLE SUNSHINE  MM
  AVERAGE SKY COVER 0.4


WEATHER CONDITIONS
 THE FOLLOWING WEATHER WAS RECORDED YESTERDAY.
  THUNDERSTORM


RELATIVE HUMIDITY (PERCENT)
 HIGHEST    83           300 AM
 LOWEST     31           600 PM
 AVERAGE    57

..........................................................


THE LANDER WY CLIMATE NORMALS FOR TODAY
                         NORMAL    RECORD    YEAR
 MAXIMUM TEMPERATURE (F)   63        82      1966
                                             1934
                                             1911
 MINIMUM TEMPERATURE (F)   37        18      1912


SUNRISE AND SUNSET
MAY  5 2015...........SUNRISE   604 AM MDT   SUNSET   820 PM MDT
MAY  6 2015...........SUNRISE   603 AM MDT   SUNSET   821 PM MDT


-  INDICATES NEGATIVE NUMBERS.
R  INDICATES RECORD WAS SET OR TIED.
MM INDICATES DATA IS MISSING.
T  INDICATES TRACE AMOUNT.




$$
