000
CDUS46 KOTX 060830
CLILWS


CLIMATE REPORT
NATIONAL WEATHER SERVICE SPOKANE, WA
130 AM PDT WED MAY 6 2015


...................................

...THE LEWISTON ID AIRPORT CLIMATE SUMMARY FOR MAY 5 2015...

CLIMATE NORMAL PERIOD 1981 TO 2010
CLIMATE RECORD PERIOD 1881 TO 2015


WEATHER ITEM   OBSERVED TIME   RECORD YEAR NORMAL DEPARTURE LAST
                VALUE   (LST)  VALUE       VALUE  FROM      YEAR
                                                  NORMAL
..................................................................
TEMPERATURE (F)
 YESTERDAY
  MAXIMUM         68   1221 PM  96    1966  68      0       63
  MINIMUM         49   1159 PM  32    1982  44      5       49
  AVERAGE         59                        56      3       56

PRECIPITATION (IN)
  YESTERDAY        0.00          0.60 1900   0.05  -0.05      T
  MONTH TO DATE    0.00                      0.23  -0.23     0.16
  SINCE OCT 1      7.95                      7.67   0.28     6.46
  SINCE JAN 1      3.76                      4.56  -0.80     4.93

SNOWFALL (IN)
  YESTERDAY        0.0           T    1984   0.0    0.0      0.0
  MONTH TO DATE    0.0                       0.0    0.0      0.0
  SINCE MAR 1      0.0                       0.7   -0.7      0.6
  SINCE JUL 1      1.5                      10.5   -9.0     16.5
  SNOW DEPTH       0

DEGREE DAYS
 HEATING
  YESTERDAY        6                        10     -4        9
  MONTH TO DATE   25                        51    -26       21
  SINCE MAR 1    922                      1076   -154     1021
  SINCE JUL 1   4144                      4931   -787     5182

 COOLING
  YESTERDAY        0                         1     -1        0
  MONTH TO DATE    0                         2     -2        4
  SINCE MAR 1      1                         4     -3        4
  SINCE JAN 1      1                         4     -3        4
..................................................................


WIND (MPH)
  HIGHEST WIND SPEED    23   HIGHEST WIND DIRECTION    NW (320)
  HIGHEST GUST SPEED    29   HIGHEST GUST DIRECTION    NW (320)
  AVERAGE WIND SPEED     9.1


SKY COVER
  POSSIBLE SUNSHINE  MM
  AVERAGE SKY COVER 0.6


WEATHER CONDITIONS
 THE FOLLOWING WEATHER WAS RECORDED YESTERDAY.
  NO SIGNIFICANT WEATHER WAS OBSERVED.


RELATIVE HUMIDITY (PERCENT)
 HIGHEST    50           400 AM
 LOWEST     22           200 PM
 AVERAGE    36

..........................................................


THE LEWISTON ID AIRPORT CLIMATE NORMALS FOR TODAY
                         NORMAL    RECORD    YEAR
 MAXIMUM TEMPERATURE (F)   68        92      1947
 MINIMUM TEMPERATURE (F)   44        33      1959
                                             1950


SUNRISE AND SUNSET
MAY  6 2015...........SUNRISE   527 AM PDT   SUNSET   803 PM PDT
MAY  7 2015...........SUNRISE   525 AM PDT   SUNSET   805 PM PDT


-  INDICATES NEGATIVE NUMBERS.
R  INDICATES RECORD WAS SET OR TIED.
MM INDICATES DATA IS MISSING.
T  INDICATES TRACE AMOUNT.




$$
