000
CDUS45 KTFX 202246
CLILWT


CLIMATE REPORT
NATIONAL WEATHER SERVICE GREAT FALLS MT
442 PM MDT MON APR 20 2015


...................................

...THE LEWISTOWN MT CLIMATE SUMMARY FOR APRIL 20 2015...
VALID TODAY AS OF 0400 PM LOCAL TIME.

CLIMATE NORMAL PERIOD 1981 TO 2010
CLIMATE RECORD PERIOD 1896 TO 2015


WEATHER ITEM   OBSERVED TIME   RECORD YEAR NORMAL DEPARTURE LAST
                VALUE   (LST)  VALUE       VALUE  FROM      YEAR
                                                  NORMAL
..................................................................
TEMPERATURE (F)
 TODAY
  MAXIMUM         60    255 PM  84    1908  55      5       58
  MINIMUM         23    515 AM   0    1927  30     -7       35
  AVERAGE         42                        42      0       47

PRECIPITATION (IN)
  TODAY            0.00          1.08 1973   0.05  -0.05     0.00
  MONTH TO DATE    0.78                      0.86  -0.08     0.35
  SINCE OCT 1      5.39                      5.36   0.03     5.18
  SINCE JAN 1      3.08                      2.86   0.22     3.10

SNOWFALL (IN)
  TODAY           MM
  SNOW DEPTH       0

DEGREE DAYS
 HEATING
  TODAY           23                        22      1       18
  MONTH TO DATE  481                       499    -18      507
  SINCE MAR 1   1174                      1494   -320     1624
  SINCE JUL 1   6372                      7298   -926     7680

 COOLING
  TODAY            0                         0      0        0
  MONTH TO DATE    0                         0      0        0
  SINCE MAR 1      0                         0      0        0
  SINCE JAN 1      0                         0      0        0
..................................................................


WIND (MPH)
  HIGHEST WIND SPEED    14   HIGHEST WIND DIRECTION     N (350)
  HIGHEST GUST SPEED    23   HIGHEST GUST DIRECTION    NW (300)
  AVERAGE WIND SPEED     5.8


SKY COVER
  AVERAGE SKY COVER 0.1


WEATHER CONDITIONS
 THE FOLLOWING WEATHER WAS RECORDED TODAY.
  NO SIGNIFICANT WEATHER WAS OBSERVED.


RELATIVE HUMIDITY (PERCENT)
 HIGHEST    74
 LOWEST     25
 AVERAGE    50

..........................................................


THE LEWISTOWN MT CLIMATE NORMALS FOR TOMORROW
                         NORMAL    RECORD    YEAR
 MAXIMUM TEMPERATURE (F)   55        82      1906
 MINIMUM TEMPERATURE (F)   30         0      2008


SUNRISE AND SUNSET
APRIL 20 2015.........SUNRISE   621 AM MDT   SUNSET   813 PM MDT
APRIL 21 2015.........SUNRISE   619 AM MDT   SUNSET   815 PM MDT


-  INDICATES NEGATIVE NUMBERS.
R  INDICATES RECORD WAS SET OR TIED.
MM INDICATES DATA IS MISSING.
T  INDICATES TRACE AMOUNT.




$$
