000
CDUS43 KILX 020635
CLILWV


CLIMATE REPORT
NATIONAL WEATHER SERVICE LINCOLN IL
134 AM CDT THU APR 2 2015


...................................

...THE LAWRENCEVILLE IL AIRPORT CLIMATE SUMMARY FOR APRIL 1 2015...

CLIMATE NORMAL PERIOD 1981 TO 2010
CLIMATE RECORD PERIOD 9999 TO 9999


WEATHER ITEM   OBSERVED TIME   RECORD YEAR NORMAL DEPARTURE LAST
                VALUE   (LST)  VALUE       VALUE  FROM      YEAR
                                                  NORMAL
..................................................................
TEMPERATURE (F)
 YESTERDAY
  MAXIMUM         73    423 PM  MM      MM  62     11       67
  MINIMUM         39    517 AM  MM      MM  40     -1       50
  AVERAGE         56                        51      5       59

PRECIPITATION (IN)
  YESTERDAY        0.00         MM      MM   0.11  -0.11     0.12
  MONTH TO DATE    0.00                      0.11  -0.11     0.12
  SINCE MAR 1      4.87                      3.54   1.33     1.16
  SINCE JAN 1      7.37                      7.93  -0.56     3.92

DEGREE DAYS
 HEATING
  YESTERDAY        9                        15     -6        6
  MONTH TO DATE    9                        15     -6        6
  SINCE MAR 1    734                       637     97      789
  SINCE JUL 1   5008                      4312    696     5191

 COOLING
  YESTERDAY        0                         0      0        0
  MONTH TO DATE    0                         0      0        0
  SINCE MAR 1      0                         2     -2        0
  SINCE JAN 1      0                         2     -2        0
..................................................................


WIND (MPH)
  HIGHEST WIND SPEED    17   HIGHEST WIND DIRECTION     S (170)
  HIGHEST GUST SPEED    21   HIGHEST GUST DIRECTION     S (180)
  AVERAGE WIND SPEED     9.2


SKY COVER
  POSSIBLE SUNSHINE  MM
  AVERAGE SKY COVER 0.0


WEATHER CONDITIONS
 THE FOLLOWING WEATHER WAS RECORDED YESTERDAY.
  NO SIGNIFICANT WEATHER WAS OBSERVED.


RELATIVE HUMIDITY (PERCENT)
 HIGHEST    86           200 AM
 LOWEST     29           200 PM
 AVERAGE    58

..........................................................


THE LAWRENCEVILLE IL AIRPORT CLIMATE NORMALS FOR TODAY
                         NORMAL    RECORD    YEAR
 MAXIMUM TEMPERATURE (F)   62        MM        MM
 MINIMUM TEMPERATURE (F)   40        MM        MM


SUNRISE AND SUNSET
APRIL  2 2015.........SUNRISE   634 AM CDT   SUNSET   715 PM CDT
APRIL  3 2015.........SUNRISE   632 AM CDT   SUNSET   716 PM CDT


-  INDICATES NEGATIVE NUMBERS.
R  INDICATES RECORD WAS SET OR TIED.
MM INDICATES DATA IS MISSING.
T  INDICATES TRACE AMOUNT.




$$
