000
CDUS43 KILX 191245
CLILWV


CLIMATE REPORT
NATIONAL WEATHER SERVICE LINCOLN IL
745 AM CDT SUN APR 19 2015


...................................

...THE LAWRENCEVILLE IL AIRPORT CLIMATE SUMMARY FOR APRIL 18 2015...

CLIMATE NORMAL PERIOD 1981 TO 2010
CLIMATE RECORD PERIOD 9999 TO 9999


WEATHER ITEM   OBSERVED TIME   RECORD YEAR NORMAL DEPARTURE LAST
                VALUE   (LST)  VALUE       VALUE  FROM      YEAR
                                                  NORMAL
..................................................................
TEMPERATURE (F)
 YESTERDAY
  MAXIMUM         79    354 PM  MM      MM  68     11       73
  MINIMUM         51    311 AM  MM      MM  46      5       42
  AVERAGE         65                        57      8       58

PRECIPITATION (IN)
  YESTERDAY        0.00         MM      MM   0.13  -0.13     0.00
  MONTH TO DATE    4.38                      2.08   2.30     5.83
  SINCE MAR 1      9.25                      5.51   3.74     6.87
  SINCE JAN 1     11.75                      9.90   1.85     9.63

DEGREE DAYS
 HEATING
  YESTERDAY        0                         9     -9        7
  MONTH TO DATE  113                       213   -100      210
  SINCE MAR 1    838                       835      3      993
  SINCE JUL 1   5112                      4510    602     5395

 COOLING
  YESTERDAY        0                         1     -1        0
  MONTH TO DATE    7                        12     -5        4
  SINCE MAR 1      7                        14     -7        4
  SINCE JAN 1      7                        14     -7        4
..................................................................


WIND (MPH)
  HIGHEST WIND SPEED    13   HIGHEST WIND DIRECTION     E (90)
  HIGHEST GUST SPEED    18   HIGHEST GUST DIRECTION     E (90)
  AVERAGE WIND SPEED     6.0


SKY COVER
  POSSIBLE SUNSHINE  MM
  AVERAGE SKY COVER 0.0


WEATHER CONDITIONS
 THE FOLLOWING WEATHER WAS RECORDED YESTERDAY.
  FOG


RELATIVE HUMIDITY (PERCENT)
 HIGHEST   100           200 AM
 LOWEST     37           100 PM
 AVERAGE    69

..........................................................


THE LAWRENCEVILLE IL AIRPORT CLIMATE NORMALS FOR TODAY
                         NORMAL    RECORD    YEAR
 MAXIMUM TEMPERATURE (F)   68        MM        MM
 MINIMUM TEMPERATURE (F)   47        MM        MM


SUNRISE AND SUNSET
APRIL 19 2015.........SUNRISE   609 AM CDT   SUNSET   731 PM CDT
APRIL 20 2015.........SUNRISE   607 AM CDT   SUNSET   732 PM CDT


-  INDICATES NEGATIVE NUMBERS.
R  INDICATES RECORD WAS SET OR TIED.
MM INDICATES DATA IS MISSING.
T  INDICATES TRACE AMOUNT.




$$
