000
CDUS42 KTAE 190637
CLIMAI


CLIMATE REPORT
NATIONAL WEATHER SERVICE TALLAHASSEE FL
231 AM EDT SUN APR 19 2015

...................................

...THE MARIANNA CLIMATE SUMMARY FOR APRIL 18 2015...

CLIMATE NORMAL PERIOD 1981 TO 2010
CLIMATE RECORD PERIOD 1950 TO 2015


WEATHER ITEM   OBSERVED NORMAL DEPARTURE LAST
                VALUE   VALUE  FROM      YEAR
                               NORMAL
...............................................
TEMPERATURE (F)
 YESTERDAY
  MAXIMUM         81     80      1       60
  MINIMUM         66     54     12       54
  AVERAGE         74     67      7       57

PRECIPITATION (IN)
  YESTERDAY        T      0.12  -0.12     1.90
  MONTH TO DATE    8.36   2.74   5.62     7.65
  SINCE MAR 1     10.66   8.28   2.38    17.49
  SINCE JAN 1     17.84  18.26  -0.42    24.82

DEGREE DAYS
 HEATING
  YESTERDAY        0            -2
  MONTH TO DATE    1           -50
  SINCE MAR 1    107          -124
  SINCE JUL 1   1685            49

 COOLING
  YESTERDAY        9             5
  MONTH TO DATE  137            85
  SINCE MAR 1    235           151
  SINCE JAN 1    241           142
...............................................


WIND (MPH)
  HIGHEST WIND SPEED    12   HIGHEST WIND DIRECTION     S (190)
  HIGHEST GUST SPEED    14   HIGHEST GUST DIRECTION     W (250)
  AVERAGE WIND SPEED     3.5




RELATIVE HUMIDITY (PERCENT)
 HIGHEST   100
 LOWEST     79
 AVERAGE    90

..........................................................



SUNRISE AND SUNSET
APRIL 19 2015.........SUNRISE   609 AM CDT   SUNSET   711 PM CDT
APRIL 20 2015.........SUNRISE   608 AM CDT   SUNSET   712 PM CDT


-  INDICATES NEGATIVE NUMBERS.
R  INDICATES RECORD WAS SET OR TIED.
MM INDICATES DATA IS MISSING.
T  INDICATES TRACE AMOUNT.

$$
