000
CDUS43 KABR 010906
CLIMBG


CLIMATE REPORT
NATIONAL WEATHER SERVICE ABERDEEN SD
405 AM CDT WED APR 1 2015


...................................

...THE MOBRIDGE SD CLIMATE SUMMARY FOR MARCH 31 2015...

CLIMATE NORMAL PERIOD 1981 TO 2010
CLIMATE RECORD PERIOD 1911 TO 2015


WEATHER ITEM   OBSERVED TIME   RECORD YEAR NORMAL DEPARTURE LAST
                VALUE   (LST)  VALUE       VALUE  FROM      YEAR
                                                  NORMAL
..................................................................
TEMPERATURE (F)
 YESTERDAY
  MAXIMUM         80R   424 PM  78    2003  50     30       33
                                      1963
  MINIMUM         31    547 AM   4    1975  27      4       13
  AVERAGE         56                        39     17       23

PRECIPITATION (IN)
  YESTERDAY        0.00          0.34 1981   0.04  -0.04     0.15
  MONTH TO DATE    0.17                      0.90  -0.73     0.51
  SINCE MAR 1      0.17                      0.90  -0.73     0.51
  SINCE JAN 1      0.97                      1.63  -0.66     1.12

SNOWFALL (IN)
  YESTERDAY        0.0
  MONTH TO DATE    T
  SINCE OCT 1     18.7
  SINCE JUL 1     18.7
  SNOW DEPTH       0

DEGREE DAYS
 HEATING
  YESTERDAY        9                        26    -17       42
  MONTH TO DATE  808                      1027   -219     1144
  SINCE MAR 1    808                      1027   -219     1144
  SINCE JUL 1   6567                      7002   -435     7684

 COOLING
  YESTERDAY        0                         0      0        0
  MONTH TO DATE    0                         0      0        0
  SINCE MAR 1      0                         0      0        0
  SINCE JAN 1      0                         0      0        0
..................................................................


WIND (MPH)
  HIGHEST WIND SPEED    17   HIGHEST WIND DIRECTION     S (190)
  HIGHEST GUST SPEED    22   HIGHEST GUST DIRECTION     S (200)
  AVERAGE WIND SPEED     7.8


SKY COVER
  POSSIBLE SUNSHINE  MM
  AVERAGE SKY COVER 0.0


WEATHER CONDITIONS
 THE FOLLOWING WEATHER WAS RECORDED YESTERDAY.
  NO SIGNIFICANT WEATHER WAS OBSERVED.


RELATIVE HUMIDITY (PERCENT)
 HIGHEST    85           700 AM
 LOWEST     16           300 PM
 AVERAGE    51

..........................................................


THE MOBRIDGE SD CLIMATE NORMALS FOR TODAY
                         NORMAL    RECORD    YEAR
 MAXIMUM TEMPERATURE (F)   51        87      2012
 MINIMUM TEMPERATURE (F)   27        -1      1975


SUNRISE AND SUNSET
APRIL  1 2015.........SUNRISE   722 AM CDT   SUNSET   810 PM CDT
APRIL  2 2015.........SUNRISE   720 AM CDT   SUNSET   811 PM CDT


-  INDICATES NEGATIVE NUMBERS.
R  INDICATES RECORD WAS SET OR TIED.
MM INDICATES DATA IS MISSING.
T  INDICATES TRACE AMOUNT.




$$
