000
CDAK49 PAMC 071017
CLIMCG

CLIMATE REPORT
NATIONAL WEATHER SERVICE MCGRATH, AK
217 AM AKDT THU MAY 7 2015

...................................
...THE MCGRATH AIRPORT CLIMATE SUMMARY FOR MAY 6 2015...

CLIMATE NORMAL PERIOD  1981 TO  2010
CLIMATE RECORD PERIOD  1940 TO  2015

WEATHER ITEM   OBSERVED TIME    RECORD YEAR NORMAL DEPARTURE LAST
               VALUE    (LST)   VALUE       VALUE  FROM      YEAR
                                                   NORMAL
...................................................................
TEMPERATURE
YESTERDAY
 MAXIMUM            62  0706 PM    66  2004     53       9     44
 MINIMUM            31  0537 AM     5  1949     32      -1     34
 AVERAGE            47                          43       4     39

PRECIPITATION
(INCHES)
 YESTERDAY        0.00           0.22  2014   0.03   -0.03   0.22
 MONTH TO DATE    0.07                        0.17   -0.10   0.22
 SINCE MAR 1      0.59                        1.72   -1.13   0.34
 SINCE JAN 1      1.03                        3.75   -2.72   2.03

SNOWFALL
(INCHES)
 YESTERDAY         0.0            1.2  1958    0.1    -0.1      T
 MONTH TO DATE     0.0                         0.4    -0.4      T
 SINCE MAR 1       8.5                        16.8    -8.3    1.1
 SINCE JUL 1      41.6                        96.8   -55.2   47.1
 SNOW DEPTH (IN)     0                                          0

DEGREE DAYS
 HEATING
  YESTERDAY         18                          22      -4     26
  MONTH TO DATE    109                         141     -32    113
  SINCE MAR 1     2443                        2857    -414   2694
  SINCE JUL 1    11509                       13095   -1586  11521

 COOLING
  YESTERDAY          0                           0       0      0
  MONTH TO DATE      0                           0       0      0
  SINCE MAR 1        0                           0       0      0
  SINCE JAN 1        0                           0       0      0
...................................................................

WIND (MPH)
 HIGHEST WIND SPEED    18     HIGHEST WIND DIRECTION    110
 HIGHEST GUST SPEED    23     HIGHEST GUST DIRECTION    140
 AVERAGE WIND SPEED   5.7

WEATHER CONDITIONS
 THE FOLLOWING WEATHER WAS RECORDED YESTERDAY.
 NO SIGNIFICANT WEATHER WAS OBSERVED.
...................................................................

THE MCGRATH CLIMATE NORMALS FOR TODAY
                           NORMAL    RECORD   YEAR
 MAXIMUM TEMPERATURE (F)     54        73     2004
 MINIMUM TEMPERATURE (F)     33         9     1949

SUNRISE AND SUNSET
 MAY 7 2015..........SUNRISE  5:44 AM      SUNSET 10:57 PM
 MAY 8 2015..........SUNRISE  5:41 AM      SUNSET 11:00 PM

-  INDICATES NEGATIVE NUMBERS.
R  INDICATES RECORD HAS BEEN SET OR TIED.
MM INDICATES DATA IS MISSING.
T  INDICATES TRACE OF PRECIPITATION.

&&
-------------------------------------------------------------------

AMOUNT OF DAYLIGHT TODAY  (HOUR:MIN)........17 HOURS 13 MINUTES
GAIN SINCE YESTERDAY (HOUR:MIN:SEC)....+0:06:05

$$
ADJ MAY 15
