000
CDUS43 KGLD 180745 RRB
CLIMCK

CLIMATE REPORT
NATIONAL WEATHER SERVICE GOODLAND
143 AM MDT SAT APR 18 2015

...................................

...THE MCCOOK NE CLIMATE SUMMARY FOR APRIL 17 2015...

CLIMATE NORMAL PERIOD 1981 TO 2010
CLIMATE RECORD PERIOD 1896 TO 2015

WEATHER ITEM   OBSERVED TIME   RECORD YEAR NORMAL DEPARTURE LAST
                VALUE   (LST)  VALUE       VALUE  FROM      YEAR
                                                  NORMAL
..................................................................
TEMPERATURE (F)
 YESTERDAY
  MAXIMUM         71    442 PM  90    1946  65      6       56
  MINIMUM         52   1159 PM  20    1961  35     17       31
  AVERAGE         62                        50     12       44

PRECIPITATION (IN)
  YESTERDAY        0.35                      0.08   0.27     0.00
  MONTH TO DATE    1.12                      1.12   0.00     0.78
  SINCE MAR 1      1.15                      2.48  -1.33     1.04
  SINCE JAN 1      1.49                      3.61  -2.12     1.53

..................................................................

THE MCCOOK NE CLIMATE NORMALS FOR TODAY
                         NORMAL    RECORD    YEAR
 MAXIMUM TEMPERATURE (F)   65        95      1948
 MINIMUM TEMPERATURE (F)   35        16      1912

-  INDICATES NEGATIVE NUMBERS.
R  INDICATES RECORD WAS SET OR TIED.
MM INDICATES DATA IS MISSING.
T  INDICATES TRACE AMOUNT.

$$
