000
CDUS42 KMLB 270626
CLIMCO


CLIMATE REPORT
NATIONAL WEATHER SERVICE MELBOURNE FL
226 AM EDT MON APR 27 2015


...................................

...THE ORLANDO  CLIMATE SUMMARY FOR APRIL 26 2015...

CLIMATE NORMAL PERIOD 1981 TO 2010
CLIMATE RECORD PERIOD 1892 TO 2015


WEATHER ITEM   OBSERVED TIME   RECORD YEAR NORMAL DEPARTURE LAST
                VALUE   (LST)  VALUE       VALUE  FROM      YEAR
                                                  NORMAL
..................................................................
TEMPERATURE (F)
 YESTERDAY
  MAXIMUM         89    448 PM  98    1908  84      5       89
  MINIMUM         76    241 AM  47    1910  62     14       68
  AVERAGE         83                        73     10       79

PRECIPITATION (IN)
  YESTERDAY        0.22          1.37 1952   0.07   0.15     0.00
  MONTH TO DATE    3.88                      2.39   1.49     2.35
  SINCE MAR 1      4.63                      6.16  -1.53     6.87
  SINCE JAN 1     12.73                     10.89   1.84    11.91

SNOWFALL (IN)
  YESTERDAY        0.0
  MONTH TO DATE    0.0
  SINCE MAR 1      0.0
  SINCE JUL 1      0.0

DEGREE DAYS
 HEATING
  YESTERDAY        0                         0      0        0
  MONTH TO DATE    0                        11    -11        0
  SINCE MAR 1     16                        70    -54       42
  SINCE JUL 1    486                       569    -83      406

 COOLING
  YESTERDAY       18                         8     10       14
  MONTH TO DATE  338                       165    173      202
  SINCE MAR 1    606                       283    323      309
  SINCE JAN 1    680                       387    293      459
..................................................................


WIND (MPH)
  HIGHEST WIND SPEED    24   HIGHEST WIND DIRECTION     W (250)
  HIGHEST GUST SPEED    30   HIGHEST GUST DIRECTION     W (260)
  AVERAGE WIND SPEED    13.1


SKY COVER
  AVERAGE SKY COVER 0.7


WEATHER CONDITIONS
 THE FOLLOWING WEATHER WAS RECORDED YESTERDAY.
  THUNDERSTORM
  RAIN
  LIGHT RAIN
  FOG
  HAZE


RELATIVE HUMIDITY (PERCENT)
 HIGHEST    94           200 AM
 LOWEST     59           400 PM
 AVERAGE    77

..........................................................


THE ORLANDO  CLIMATE NORMALS FOR TODAY
                         NORMAL    RECORD    YEAR
 MAXIMUM TEMPERATURE (F)   85        97      1908
 MINIMUM TEMPERATURE (F)   62        46      1926
                                             1910


SUNRISE AND SUNSET
APRIL 27 2015.........SUNRISE   648 AM EDT   SUNSET   758 PM EDT
APRIL 28 2015.........SUNRISE   648 AM EDT   SUNSET   758 PM EDT


-  INDICATES NEGATIVE NUMBERS.
R  INDICATES RECORD WAS SET OR TIED.
MM INDICATES DATA IS MISSING.
T  INDICATES TRACE AMOUNT.




$$
