000
CDUS44 KMEG 062144
CLIMEM


CLIMATE REPORT
NATIONAL WEATHER SERVICE MEMPHIS TN
444 PM CDT WED MAY 6 2015


...................................

...THE MEMPHIS CLIMATE SUMMARY FOR MAY 6 2015...
VALID TODAY AS OF 0400 PM LOCAL TIME.

CLIMATE NORMAL PERIOD 1981 TO 2010
CLIMATE RECORD PERIOD 1872 TO 2015


WEATHER ITEM   OBSERVED TIME   RECORD YEAR NORMAL DEPARTURE LAST
                VALUE   (LST)  VALUE       VALUE  FROM      YEAR
                                                  NORMAL
..................................................................
TEMPERATURE (F)
 TODAY
  MAXIMUM         86    240 PM  95    1952  79      7       84
  MINIMUM         64    542 AM  41    1944  59      5       62
  AVERAGE         75                        69      6       73

PRECIPITATION (IN)
  TODAY            0.00          3.07 1907   0.19  -0.19     0.00
  MONTH TO DATE    0.00                      1.13  -1.13     0.00
  SINCE MAR 1      8.55                     11.79  -3.24    13.52
  SINCE JAN 1     14.20                     20.16  -5.96    21.64

SNOWFALL (IN)
  TODAY            0.0

DEGREE DAYS
 HEATING
  TODAY            0                         1     -1        0
  MONTH TO DATE    3                         7     -4       14
  SINCE MAR 1    451                       502    -51      623
  SINCE JUL 1   3174                      2952    222     3449

 COOLING
  TODAY           10                         5      5        8
  MONTH TO DATE   33                        27      6       27
  SINCE MAR 1    123                       119      4       83
  SINCE JAN 1    123                       122      1       83
..................................................................


WIND (MPH)
  HIGHEST WIND SPEED    17   HIGHEST WIND DIRECTION     S (180)
  HIGHEST GUST SPEED    23   HIGHEST GUST DIRECTION     S (170)
  AVERAGE WIND SPEED     7.6


SKY COVER
  POSSIBLE SUNSHINE  MM
  AVERAGE SKY COVER 0.3


WEATHER CONDITIONS
 THE FOLLOWING WEATHER WAS RECORDED TODAY.
  NO SIGNIFICANT WEATHER WAS OBSERVED.


RELATIVE HUMIDITY (PERCENT)
 HIGHEST    68           500 AM
 LOWEST     29           200 PM
 AVERAGE    49

..........................................................


THE MEMPHIS CLIMATE NORMALS FOR TOMORROW
                         NORMAL    RECORD    YEAR
 MAXIMUM TEMPERATURE (F)   79        94      1952
 MINIMUM TEMPERATURE (F)   60        38      1944


SUNRISE AND SUNSET
MAY  6 2015...........SUNRISE   604 AM CDT   SUNSET   749 PM CDT
MAY  7 2015...........SUNRISE   603 AM CDT   SUNSET   750 PM CDT


-  INDICATES NEGATIVE NUMBERS.
R  INDICATES RECORD WAS SET OR TIED.
MM INDICATES DATA IS MISSING.
T  INDICATES TRACE AMOUNT.




$$
