000
CDUS44 KBMX 020645
CLIMGM


CLIMATE REPORT
NATIONAL WEATHER SERVICE BIRMINGHAM, AL
142 AM CDT THU APR 2 2015


...................................

...THE MONTGOMERY CLIMATE SUMMARY FOR APRIL 1 2015...

CLIMATE NORMAL PERIOD 1981 TO 2010
CLIMATE RECORD PERIOD 1994 TO 2015


WEATHER ITEM   OBSERVED TIME   RECORD YEAR NORMAL DEPARTURE LAST
                VALUE   (LST)  VALUE       VALUE  FROM      YEAR
                                                  NORMAL
..................................................................
TEMPERATURE (F)
 YESTERDAY
  MAXIMUM         85    436 PM  87    1974  74     11       84
  MINIMUM         60    607 AM  28    1987  48     12       48
  AVERAGE         73                        61     12       66

PRECIPITATION (IN)
  YESTERDAY        T             2.88 1938   0.17  -0.17      T
  MONTH TO DATE    T                         0.17  -0.17      T
  SINCE MAR 1      2.00                      6.12  -4.12     5.52
  SINCE JAN 1      9.66                     16.05  -6.39    13.19

SNOWFALL (IN)
  YESTERDAY        0.0                       0.0    0.0      0.0
  MONTH TO DATE    0.0                       0.0    0.0      0.0
  SINCE MAR 1      0.0                       0.3   -0.3      0.0
  SINCE JUL 1      0.0                       0.4   -0.4      0.5
  SNOW DEPTH       0

DEGREE DAYS
 HEATING
  YESTERDAY        0                         5     -5        0
  MONTH TO DATE    0                         5     -5        0
  SINCE MAR 1    152                       260   -108      280
  SINCE JUL 1   2122                      2132    -10     2238

 COOLING
  YESTERDAY        8                         1      7        1
  MONTH TO DATE    8                         1      7        1
  SINCE MAR 1     79                        24     55        4
  SINCE JAN 1     79                        30     49       11
..................................................................


WIND (MPH)
  HIGHEST WIND SPEED    16   HIGHEST WIND DIRECTION     N (340)
  HIGHEST GUST SPEED    22   HIGHEST GUST DIRECTION    NW (320)
  AVERAGE WIND SPEED     3.8


SKY COVER
  AVERAGE SKY COVER 0.2


WEATHER CONDITIONS
 THE FOLLOWING WEATHER WAS RECORDED YESTERDAY.
  NO SIGNIFICANT WEATHER WAS OBSERVED.


RELATIVE HUMIDITY (PERCENT)
 HIGHEST    87           200 AM
 LOWEST     37           300 PM
 AVERAGE    62

..........................................................


THE MONTGOMERY CLIMATE NORMALS FOR TODAY
                         NORMAL    RECORD    YEAR
 MAXIMUM TEMPERATURE (F)   74        88      2006
 MINIMUM TEMPERATURE (F)   48        30      1881


SUNRISE AND SUNSET
APRIL  2 2015.........SUNRISE   633 AM CDT   SUNSET   706 PM CDT
APRIL  3 2015.........SUNRISE   632 AM CDT   SUNSET   707 PM CDT


-  INDICATES NEGATIVE NUMBERS.
R  INDICATES RECORD WAS SET OR TIED.
MM INDICATES DATA IS MISSING.
T  INDICATES TRACE AMOUNT.




$$
