000
CDUS41 KPBZ 182115
CLIMGW


CLIMATE REPORT
NATIONAL WEATHER SERVICE PITTSBURGH PA
514 PM EDT SAT APR 18 2015


...................................

...THE MORGANTOWN WV CLIMATE SUMMARY FOR APRIL 18 2015...
VALID TODAY AS OF 0500 PM LOCAL TIME.

CLIMATE NORMAL PERIOD 1981 TO 2010
CLIMATE RECORD PERIOD 1948 TO 2015


WEATHER ITEM   OBSERVED TIME   RECORD YEAR NORMAL DEPARTURE LAST
                VALUE   (LST)  VALUE       VALUE  FROM      YEAR
                                                  NORMAL
..................................................................
TEMPERATURE (F)
 TODAY
  MAXIMUM         77    249 PM  92    1976  65     12       72
  MINIMUM         46    553 AM  26    1951  42      4       44
  AVERAGE         62                        54      8       58

PRECIPITATION (IN)
  TODAY            0.00         MM      MM   0.11  -0.11     0.00
  MONTH TO DATE    4.32                      2.10   2.22     2.02
  SINCE JUN 1     41.03                     35.80   5.23    38.38
  SINCE JAN 1     14.80                     11.16   3.64     9.95

DEGREE DAYS
 HEATING
  TODAY            3                        12     -9        7
  MONTH TO DATE  150                       261   -111      204
  SINCE MAR 1    912                       973    -61     1067
  SINCE JUL 1   5036                      4862    174     5193

 COOLING
  TODAY            0                         0      0        0
  MONTH TO DATE    8                         0      8       18
  SINCE MAR 1      8                         2      6       18
  SINCE JAN 1      8                         2      6       18
..................................................................


WIND (MPH)
  RESULTANT WIND SPEED   1   RESULTANT WIND DIRECTION   N (20)
  HIGHEST WIND SPEED    10   HIGHEST WIND DIRECTION     N (350)
  HIGHEST GUST SPEED    14   HIGHEST GUST DIRECTION    NW (320)
  AVERAGE WIND SPEED     2.1


SKY COVER
  POSSIBLE SUNSHINE  MM
  AVERAGE SKY COVER 0.2


WEATHER CONDITIONS
 THE FOLLOWING WEATHER WAS RECORDED TODAY.
  FOG
  FOG W/VISIBILITY <= 1/4 MILE
  HAZE


RELATIVE HUMIDITY (PERCENT)
 HIGHEST    93           400 AM
 LOWEST     26           200 PM
 AVERAGE    60

..........................................................


THE MORGANTOWN WV CLIMATE NORMALS FOR TOMORROW
                         NORMAL    RECORD    YEAR
 MAXIMUM TEMPERATURE (F)   65        88      2002
 MINIMUM TEMPERATURE (F)   43        23      1983


SUNRISE AND SUNSET
APRIL 18 2015.........SUNRISE   638 AM EDT   SUNSET   800 PM EDT
APRIL 19 2015.........SUNRISE   637 AM EDT   SUNSET   801 PM EDT


-  INDICATES NEGATIVE NUMBERS.
R  INDICATES RECORD WAS SET OR TIED.
MM INDICATES DATA IS MISSING.
T  INDICATES TRACE AMOUNT.




$$
