000
CDUS46 KMFR 270838
CLIMHS


CLIMATE REPORT
NATIONAL WEATHER SERVICE MEDFORD, OR
138 AM PDT MON APR 27 2015


...................................

...THE MT SHASTA CITY CA CLIMATE SUMMARY FOR APRIL 26 2015...

CLIMATE NORMAL PERIOD 1981 TO 2010
CLIMATE RECORD PERIOD 1908 TO 2015


WEATHER ITEM   OBSERVED TIME   RECORD YEAR NORMAL DEPARTURE LAST
                VALUE   (LST)  VALUE       VALUE  FROM      YEAR
                                                  NORMAL
..................................................................
TEMPERATURE (F)
 YESTERDAY
  MAXIMUM         65    316 PM  83    2004  64      1       54
  MINIMUM         36    528 AM  26    1977  35      1       31
  AVERAGE         51                        49      2       43

PRECIPITATION (IN)
  YESTERDAY        0.00          0.60 1930   0.09  -0.09     0.00
  MONTH TO DATE    1.48                      2.63  -1.15     0.94
  SINCE OCT 1     32.91                     38.09  -5.18    12.46
  SINCE JAN 1     13.39                     22.88  -9.49    11.35

SNOWFALL (IN)
  YESTERDAY       MM                         0.1   MM       MM
  MONTH TO DATE   MM                         5.2   MM       MM
  SINCE JUL 1     MM                        91.3   MM        0.0
  SNOW DEPTH      MM

DEGREE DAYS
 HEATING
  YESTERDAY       14                        16     -2       22
  MONTH TO DATE  437                       476    -39      370
  SINCE MAR 1    926                      1180   -254      974
  SINCE JUL 1   3892                      5155  -1263     4590

 COOLING
  YESTERDAY        0                         0      0        0
  MONTH TO DATE    0                         0      0        0
  SINCE MAR 1      0                         0      0        0
  SINCE JAN 1      0                         0      0        0
..................................................................


WIND (MPH)
  HIGHEST WIND SPEED    15   HIGHEST WIND DIRECTION    NW (300)
  HIGHEST GUST SPEED    26   HIGHEST GUST DIRECTION    NW (300)
  AVERAGE WIND SPEED     6.0


SKY COVER
  POSSIBLE SUNSHINE  MM
  AVERAGE SKY COVER 0.3


WEATHER CONDITIONS
 THE FOLLOWING WEATHER WAS RECORDED YESTERDAY.
  NO SIGNIFICANT WEATHER WAS OBSERVED.


RELATIVE HUMIDITY (PERCENT)
 HIGHEST    82           500 AM
 LOWEST     36           100 PM

..........................................................


THE MT SHASTA CITY CA CLIMATE NORMALS FOR TODAY
                         NORMAL    RECORD    YEAR
 MAXIMUM TEMPERATURE (F)   64        84      1926
 MINIMUM TEMPERATURE (F)   35        14      1955


SUNRISE AND SUNSET
APRIL 27 2015.........SUNRISE   612 AM PDT   SUNSET   802 PM PDT
APRIL 28 2015.........SUNRISE   611 AM PDT   SUNSET   803 PM PDT


-  INDICATES NEGATIVE NUMBERS.
R  INDICATES RECORD WAS SET OR TIED.
MM INDICATES DATA IS MISSING.
T  INDICATES TRACE AMOUNT.




$$
