000
CDUS43 KIND 190530
CLIMIE


CLIMATE REPORT
NATIONAL WEATHER SERVICE INDIANAPOLIS IN
130 AM EDT SUN APR 19 2015


...................................

...THE MUNCIE IN CLIMATE SUMMARY FOR APRIL 18 2015...

CLIMATE NORMAL PERIOD 1981 TO 2010
CLIMATE RECORD PERIOD 9999 TO 9999


WEATHER ITEM   OBSERVED TIME   NORMAL DEPARTURE LAST
                VALUE   (LST)  VALUE  FROM      YEAR
                                      NORMAL
......................................................
TEMPERATURE (F)
 YESTERDAY
  MAXIMUM         78    353 PM  63     15       69
  MINIMUM         49    606 AM  42      7       39
  AVERAGE         64            52     12       54

PRECIPITATION (IN)
  YESTERDAY        0.00          0.13  -0.13     0.00
  MONTH TO DATE    1.72          2.21  -0.49     4.63
  SINCE MAR 1      4.74          5.16  -0.42     6.16
  SINCE JAN 1      7.68          9.70  -2.02     9.12

DEGREE DAYS
 HEATING
  YESTERDAY        1            13    -12       11
  MONTH TO DATE  173           291   -118      283
  SINCE MAR 1   1039          1078    -39     1235
  SINCE JUL 1   5904          5461    443     6145

 COOLING
  YESTERDAY        0             1     -1        0
  MONTH TO DATE    3             1      2        6
  SINCE MAR 1      3             2      1        6
  SINCE JAN 1      3             2      1        6
......................................................


WIND (MPH)
  HIGHEST WIND SPEED    18   HIGHEST WIND DIRECTION     E (90)
  HIGHEST GUST SPEED    23   HIGHEST GUST DIRECTION     E (90)
  AVERAGE WIND SPEED     4.3


SKY COVER
  AVERAGE SKY COVER 0.1


WEATHER CONDITIONS
 THE FOLLOWING WEATHER WAS RECORDED YESTERDAY.
  NO SIGNIFICANT WEATHER WAS OBSERVED.


RELATIVE HUMIDITY (PERCENT)
 HIGHEST    83           700 AM
 LOWEST     32           400 PM
 AVERAGE    58

..........................................................


THE MUNCIE IN CLIMATE NORMALS FOR TODAY
                         NORMAL
 MAXIMUM TEMPERATURE (F)   63
 MINIMUM TEMPERATURE (F)   42


SUNRISE AND SUNSET
APRIL 19 2015.........SUNRISE   658 AM EDT   SUNSET   824 PM EDT
APRIL 20 2015.........SUNRISE   656 AM EDT   SUNSET   825 PM EDT


-  INDICATES NEGATIVE NUMBERS.
R  INDICATES RECORD WAS SET OR TIED.
MM INDICATES DATA IS MISSING.
T  INDICATES TRACE AMOUNT.




$$
