000
CDUS45 KBYZ 260935
CLIMLS


CLIMATE REPORT
NATIONAL WEATHER SERVICE BILLINGS MT
331 AM MDT SUN APR 26 2015


...................................

...THE MILES CITY MT CLIMATE SUMMARY FOR APRIL 25 2015...

CLIMATE NORMAL PERIOD 1981 TO 2010
CLIMATE RECORD PERIOD 1937 TO 2015


WEATHER ITEM   OBSERVED TIME   RECORD YEAR NORMAL DEPARTURE LAST
                VALUE   (LST)  VALUE       VALUE  FROM      YEAR
                                                  NORMAL
..................................................................
TEMPERATURE (F)
 YESTERDAY
  MAXIMUM         57   1014 AM  89    1974  62     -5       70
  MINIMUM         40   1155 PM  21    2002  36      4       34
  AVERAGE         49                        49      0       52

PRECIPITATION (IN)
  YESTERDAY        0.08          1.30        0.06   0.02      T
  MONTH TO DATE    0.17                      1.07  -0.90     0.19
  SINCE OCT 1      1.63                      3.82  -2.19     3.43
  SINCE JAN 1      0.62                      2.22  -1.60     1.75

DEGREE DAYS
 HEATING
  YESTERDAY       16                        16      0       13
  MONTH TO DATE  451                       496    -45      517
  SINCE MAR 1   1116                      1437   -321     1572
  SINCE JUL 1   6586                      7171   -585     7611

 COOLING
  YESTERDAY        0                         0      0        0
  MONTH TO DATE    0                         0      0        0
  SINCE MAR 1      0                         0      0        0
  SINCE JAN 1      0                         0      0        0
..................................................................


WIND (MPH)
  HIGHEST WIND SPEED    26   HIGHEST WIND DIRECTION     W (290)
  HIGHEST GUST SPEED    32   HIGHEST GUST DIRECTION    NW (310)
  AVERAGE WIND SPEED     9.4


SKY COVER
  POSSIBLE SUNSHINE  MM
  AVERAGE SKY COVER 0.6


WEATHER CONDITIONS
 THE FOLLOWING WEATHER WAS RECORDED YESTERDAY.
  RAIN
  LIGHT RAIN


RELATIVE HUMIDITY (PERCENT)
 HIGHEST   100           200 PM
 LOWEST     59           900 AM
 AVERAGE    80

..........................................................


THE MILES CITY MT CLIMATE NORMALS FOR TODAY
                         NORMAL    RECORD    YEAR
 MAXIMUM TEMPERATURE (F)   63        88      1952
 MINIMUM TEMPERATURE (F)   37        20      1995


SUNRISE AND SUNSET
APRIL 26 2015.........SUNRISE   558 AM MDT   SUNSET   806 PM MDT
APRIL 27 2015.........SUNRISE   556 AM MDT   SUNSET   807 PM MDT


-  INDICATES NEGATIVE NUMBERS.
R  INDICATES RECORD WAS SET OR TIED.
MM INDICATES DATA IS MISSING.
T  INDICATES TRACE AMOUNT.





&&

THIS IS AN AUTOMATED...UNATTENDED WEATHER STATION AND MAY
UNDERESTIMATE WINTER PRECIPITATION.

$$
