000
CDUS46 KSTO 030836
CLIMOD


CLIMATE REPORT
NATIONAL WEATHER SERVICE SACRAMENTO, CA
136 AM PDT SUN MAY 3 2015


...................................

...THE MODESTO CA CLIMATE SUMMARY FOR MAY 2 2015...

CLIMATE NORMAL PERIOD 1981 TO 2010
CLIMATE RECORD PERIOD 1931 TO 2015


WEATHER ITEM   OBSERVED TIME   RECORD YEAR NORMAL DEPARTURE LAST
                VALUE   (LST)  VALUE       VALUE  FROM      YEAR
                                                  NORMAL
..................................................................
TEMPERATURE (F)
 YESTERDAY
  MAXIMUM         91    415 PM 102    1947  79     12       90
  MINIMUM         60    335 AM  38    1965  52      8       59
  AVERAGE         76

PRECIPITATION (IN)
  YESTERDAY        0.00          0.21 1998   0.03  -0.03     0.00
  MONTH TO DATE    0.00                      0.06  -0.06     0.00
  SINCE OCT 1      9.98                     12.14  -2.16     6.86
  SINCE JAN 1      2.58                      8.06  -5.48     5.50

SNOWFALL (IN)
  YESTERDAY        0.0          MM      MM
  MONTH TO DATE    0.0
  SINCE MAR 1      0.0
  SINCE JUL 1      0.0
  SNOW DEPTH       0

DEGREE DAYS
 HEATING
  YESTERDAY        0                         2     -2        0
  MONTH TO DATE    0                         4     -4        0
  SINCE MAR 1    177                       370   -193      259
  SINCE JUL 1   1589                      2138   -549     1957

 COOLING
  YESTERDAY       11                         3      8       10
  MONTH TO DATE   23                         6     17       22
  SINCE MAR 1    106                        50     56       83
  SINCE JAN 1    106                        50     56       83
..................................................................


WIND (MPH)
  RESULTANT WIND SPEED   4   RESULTANT WIND DIRECTION   N (340)
  HIGHEST WIND SPEED    16   HIGHEST WIND DIRECTION    NW (320)
  HIGHEST GUST SPEED    38   HIGHEST GUST DIRECTION    NW (330)


SKY COVER
  POSSIBLE SUNSHINE  MM
  AVERAGE SKY COVER 0.0


WEATHER CONDITIONS
 THE FOLLOWING WEATHER WAS RECORDED YESTERDAY.
  NO SIGNIFICANT WEATHER WAS OBSERVED.


RELATIVE HUMIDITY (PERCENT)
 HIGHEST    52           300 AM
 LOWEST     11           400 PM
 AVERAGE    32

..........................................................


THE MODESTO CA CLIMATE NORMALS FOR TODAY
                         NORMAL    RECORD    YEAR
 MAXIMUM TEMPERATURE (F)   80        97      1947
 MINIMUM TEMPERATURE (F)   53        41      1965


SUNRISE AND SUNSET
MAY  3 2015...........SUNRISE   606 AM PDT   SUNSET   756 PM PDT
MAY  4 2015...........SUNRISE   605 AM PDT   SUNSET   757 PM PDT


-  INDICATES NEGATIVE NUMBERS.
R  INDICATES RECORD WAS SET OR TIED.
MM INDICATES DATA IS MISSING.
T  INDICATES TRACE AMOUNT.




$$
