000
CDUS41 KBTV 040548
CLIMVL


CLIMATE REPORT
NATIONAL WEATHER SERVICE BURLINGTON VT
145 AM EDT MON MAY 4 2015


...................................

...THE MORRISVILLE VT CLIMATE SUMMARY FOR MAY 3 2015...

CLIMATE NORMAL PERIOD 1981 TO 2010
CLIMATE RECORD PERIOD 9999 TO 9999


WEATHER ITEM   OBSERVED TIME   NORMAL DEPARTURE LAST
                VALUE   (LST)  VALUE  FROM      YEAR
                                      NORMAL
......................................................
TEMPERATURE (F)
 YESTERDAY
  MAXIMUM         76    423 PM  63     13       62
  MINIMUM         35    446 AM  37     -2       45
  AVERAGE         56            50      6       54

PRECIPITATION (IN)
  YESTERDAY        0.00          0.09  -0.09     0.08
  MONTH TO DATE    0.00          0.26  -0.26     0.22
  SINCE MAR 1      1.50          4.33  -2.83     5.67
  SINCE JAN 1      2.62          8.61  -5.99    10.27

DEGREE DAYS
 HEATING
  YESTERDAY        9            15     -6       11
  MONTH TO DATE   37            47    -10       39
  SINCE MAR 1   2053          1867    186     2198
  SINCE JUL 1   7735          7827    -92     8252

 COOLING
  YESTERDAY        0             0      0        0
  MONTH TO DATE    0             0      0        0
  SINCE MAR 1      0             1     -1        0
  SINCE JAN 1      0             1     -1        0
......................................................


WIND (MPH)
  HIGHEST WIND SPEED    12   HIGHEST WIND DIRECTION    NW (330)
  HIGHEST GUST SPEED    16   HIGHEST GUST DIRECTION    NW (300)
  AVERAGE WIND SPEED     1.5


SKY COVER
  AVERAGE SKY COVER 0.3


WEATHER CONDITIONS
 THE FOLLOWING WEATHER WAS RECORDED YESTERDAY.
  NO SIGNIFICANT WEATHER WAS OBSERVED.


RELATIVE HUMIDITY (PERCENT)
 HIGHEST    92           500 AM
 LOWEST     23           100 PM
 AVERAGE    58

..........................................................


THE MORRISVILLE VT CLIMATE NORMALS FOR TODAY
                         NORMAL    RECORD    YEAR
 MAXIMUM TEMPERATURE (F)   63        78      2013
 MINIMUM TEMPERATURE (F)   37        22      1987


SUNRISE AND SUNSET
MAY  4 2015...........SUNRISE   537 AM EDT   SUNSET   758 PM EDT
MAY  5 2015...........SUNRISE   536 AM EDT   SUNSET   759 PM EDT


-  INDICATES NEGATIVE NUMBERS.
R  INDICATES RECORD WAS SET OR TIED.
MM INDICATES DATA IS MISSING.
T  INDICATES TRACE AMOUNT.




$$
