000
CDUS41 KOKX 180627
CLINYC


CLIMATE REPORT
NATIONAL WEATHER SERVICE NEW YORK NY
227 AM EDT SAT APR 18 2015


...................................

...THE CENTRAL PARK NY CLIMATE SUMMARY FOR APRIL 17 2015...

CLIMATE NORMAL PERIOD 1981 TO 2010
CLIMATE RECORD PERIOD 1869 TO 2015


WEATHER ITEM   OBSERVED TIME   RECORD YEAR NORMAL DEPARTURE LAST
                VALUE   (LST)  VALUE       VALUE  FROM      YEAR
                                                  NORMAL
..................................................................
TEMPERATURE (F)
 YESTERDAY
  MAXIMUM         71    504 PM  96    2002  62      9       48
  MINIMUM         55    511 AM  28    1875  45     10       36
  AVERAGE         63                        54      9       42

PRECIPITATION (IN)
  YESTERDAY        0.08          1.29 1954   0.15  -0.07     0.00
  MONTH TO DATE    0.46                      2.67  -2.21     1.90
  SINCE MAR 1      5.18                      7.03  -1.85     5.57
  SINCE JAN 1     12.45                     13.77  -1.32    13.84

SNOWFALL (IN)
  YESTERDAY        0.0           T    1935   0.0    0.0      0.0
                                      2000
                                      2000
  MONTH TO DATE    0.0                       0.5   -0.5       T
  SINCE OCT 1     50.3                      25.7   24.6     57.4
  SINCE JUL 1     50.3                      25.7   24.6     57.4
  SNOW DEPTH       0

DEGREE DAYS
 HEATING
  YESTERDAY        2                        12    -10       23
  MONTH TO DATE  202                       246    -44      217
  SINCE MAR 1   1028                       946     82     1059
  SINCE JUL 1   4787                      4468    319     4729

 COOLING
  YESTERDAY        0                         0      0        0
  MONTH TO DATE    0                         0      0        4
  SINCE MAR 1      0                         1     -1        4
  SINCE JAN 1      0                         1     -1        4
..................................................................


WIND (MPH)
  HIGHEST WIND SPEED    15   HIGHEST WIND DIRECTION    SW (240)
  HIGHEST GUST SPEED    25   HIGHEST GUST DIRECTION     W (250)
  AVERAGE WIND SPEED     5.2


SKY COVER
  AVERAGE SKY COVER 0.8


WEATHER CONDITIONS
 THE FOLLOWING WEATHER WAS RECORDED YESTERDAY.
  LIGHT RAIN


RELATIVE HUMIDITY (PERCENT)
 HIGHEST    83           500 AM
 LOWEST     53           400 PM
 AVERAGE    68

..........................................................


THE CENTRAL PARK NY CLIMATE NORMALS FOR TODAY
                         NORMAL    RECORD    YEAR
 MAXIMUM TEMPERATURE (F)   62        96      1976
 MINIMUM TEMPERATURE (F)   46        25      1875


SUNRISE AND SUNSET
APRIL 18 2015.........SUNRISE   613 AM EDT   SUNSET   738 PM EDT
APRIL 19 2015.........SUNRISE   611 AM EDT   SUNSET   739 PM EDT


-  INDICATES NEGATIVE NUMBERS.
R  INDICATES RECORD WAS SET OR TIED.
MM INDICATES DATA IS MISSING.
T  INDICATES TRACE AMOUNT.




$$
