000
CDUS43 KGID 190643
CLIODX


CLIMATE REPORT
NATIONAL WEATHER SERVICE HASTINGS NE
143 AM CDT SUN APR 19 2015


...................................

...THE ORD NE CLIMATE SUMMARY FOR APRIL 18 2015...

CLIMATE NORMAL PERIOD 1981 TO 2010
CLIMATE RECORD PERIOD 1895 TO 2015


WEATHER ITEM   OBSERVED TIME   NORMAL DEPARTURE LAST
                VALUE   (LST)  VALUE  FROM      YEAR
                                      NORMAL
......................................................
TEMPERATURE (F)
 YESTERDAY
  MAXIMUM         69    408 PM  62      7       70
  MINIMUM         52   1155 PM  37     15       33
  AVERAGE         61            50     11       52

PRECIPITATION (IN)
  YESTERDAY       MM             0.09  MM        0.00
  MONTH TO DATE    2.18          1.35   0.83     0.63
  SINCE MAR 1      2.21          2.80  -0.59     0.83
  SINCE JAN 1      2.95          3.61  -0.66     1.08

DEGREE DAYS
 HEATING
  YESTERDAY        4            15    -11       13
  MONTH TO DATE  248           327    -79      363
  SINCE MAR 1    974          1173   -199     1310
  SINCE JUL 1   6106          6190    -84     6463

 COOLING
  YESTERDAY        0             0      0        0
  MONTH TO DATE    4             0      4        0
  SINCE MAR 1      4             0      4        0
  SINCE JAN 1      4             0      4        0
......................................................


WIND (MPH)
  HIGHEST WIND SPEED    22   HIGHEST WIND DIRECTION    SW (240)
  HIGHEST GUST SPEED    29   HIGHEST GUST DIRECTION     W (250)
  AVERAGE WIND SPEED     5.3


SKY COVER
  AVERAGE SKY COVER 0.4


WEATHER CONDITIONS
 THE FOLLOWING WEATHER WAS RECORDED YESTERDAY.
  THUNDERSTORM


RELATIVE HUMIDITY (PERCENT)
 HIGHEST    93           700 AM
 LOWEST     48           600 PM
 AVERAGE    71

..........................................................


THE ORD NE CLIMATE NORMALS FOR TODAY
                         NORMAL
 MAXIMUM TEMPERATURE (F)   63
 MINIMUM TEMPERATURE (F)   37


SUNRISE AND SUNSET
APRIL 19 2015.........SUNRISE   650 AM CDT   SUNSET   821 PM CDT
APRIL 20 2015.........SUNRISE   649 AM CDT   SUNSET   822 PM CDT


-  INDICATES NEGATIVE NUMBERS.
R  INDICATES RECORD WAS SET OR TIED.
MM INDICATES DATA IS MISSING.
T  INDICATES TRACE AMOUNT.




$$
