000
CDUS43 KOAX 172201
CLIOFK


CLIMATE REPORT
NATIONAL WEATHER SERVICE OMAHA NEBRASKA
459 PM CDT FRI APR 17 2015


...................................

...THE NORFOLK, NEBRASKA CLIMATE SUMMARY FOR APRIL 17 2015...
VALID TODAY AS OF 0400 PM LOCAL TIME.

CLIMATE NORMAL PERIOD 1981 TO 2010
CLIMATE RECORD PERIOD 1888 TO 2015


WEATHER ITEM   OBSERVED TIME   RECORD YEAR NORMAL DEPARTURE LAST
                VALUE   (LST)  VALUE       VALUE  FROM      YEAR
                                                  NORMAL
..................................................................
TEMPERATURE (F)
 TODAY
  MAXIMUM         75    304 PM  91    1994  63     12       53
  MINIMUM         51    102 AM  14    1907  38     13       30
  AVERAGE         63                        50     13       42

PRECIPITATION (IN)
  TODAY            0.02          2.85 1908   0.09  -0.07     0.00
  MONTH TO DATE    1.38                      1.38   0.00     1.46
  SINCE MAR 1      2.20                      3.15  -0.95     1.83
  SINCE JAN 1      3.08                      4.50  -1.42     2.39

SNOWFALL (IN)
  TODAY            0.0                       0.0    0.0      0.0
  MONTH TO DATE    0.2                       1.8   -1.6      4.5
  SINCE JUL 1     20.7                      29.7   -9.0     19.9
  SNOW DEPTH       0

DEGREE DAYS
 HEATING
  TODAY            2                        15    -13       23
  MONTH TO DATE  206                       308   -102      333
  SINCE MAR 1    889                      1164   -275     1277
  SINCE JUL 1   5935                      6257   -322     6627

 COOLING
  TODAY            0                         0      0        0
  MONTH TO DATE    5                         0      5        0
  SINCE MAR 1      5                         0      5        0
  SINCE JAN 1      5                         0      5        0
..................................................................


WIND (MPH)
  HIGHEST WIND SPEED    14   HIGHEST WIND DIRECTION     E (070)
  HIGHEST GUST SPEED    18   HIGHEST GUST DIRECTION    NE (060)
  AVERAGE WIND SPEED    MM


SKY COVER
  POSSIBLE SUNSHINE  MM
  AVERAGE SKY COVER  MM


WEATHER CONDITIONS
 THE FOLLOWING WEATHER WAS RECORDED TODAY.
  NO SIGNIFICANT WEATHER WAS OBSERVED.


RELATIVE HUMIDITY (PERCENT)
 HIGHEST    MM
 LOWEST     MM
 AVERAGE    MM

..........................................................


THE NORFOLK, NEBRASKA CLIMATE NORMALS FOR TOMORROW
                         NORMAL    RECORD    YEAR
 MAXIMUM TEMPERATURE (F)   63        93      1994
 MINIMUM TEMPERATURE (F)   38        19      1953


SUNRISE AND SUNSET
APRIL 17 2015.........SUNRISE   647 AM CDT   SUNSET   813 PM CDT
APRIL 18 2015.........SUNRISE   645 AM CDT   SUNSET   814 PM CDT


-  INDICATES NEGATIVE NUMBERS.
R  INDICATES RECORD WAS SET OR TIED.
MM INDICATES DATA IS MISSING.
T  INDICATES TRACE AMOUNT.




$$
