000
CDUS42 KCAE 272130
CLIOGB


CLIMATE REPORT
NATIONAL WEATHER SERVICE COLUMBIA SC
529 PM EDT MON APR 27 2015


...................................

...THE ORANGEBURG AIRPORT SC CLIMATE SUMMARY FOR APRIL 27 2015...
VALID TODAY AS OF 0500 PM LOCAL TIME.

CLIMATE NORMAL PERIOD 1981 TO 2010
CLIMATE RECORD PERIOD 9999 TO 9999


WEATHER ITEM   OBSERVED TIME   NORMAL DEPARTURE LAST
                VALUE   (LST)  VALUE  FROM      YEAR
                                      NORMAL
......................................................
TEMPERATURE (F)
 TODAY
  MAXIMUM         73    356 PM  79     -6       85
  MINIMUM         52    553 AM  53     -1       53
  AVERAGE         63            66     -3       69

PRECIPITATION (IN)
  TODAY            0.00          0.06  -0.06     0.00
  MONTH TO DATE    2.87          2.65   0.22     3.55
  SINCE MAR 1      5.84          6.63  -0.79     6.42
  SINCE JAN 1     12.69         14.20  -1.51    12.34

DEGREE DAYS
 HEATING
  TODAY            2             2      0        0
  MONTH TO DATE   24           104    -80       78
  SINCE MAR 1    232           381   -149      464
  SINCE JUL 1   2306          2313     -7     2328

 COOLING
  TODAY            0             3     -3        4
  MONTH TO DATE   96            54     42       51
  SINCE MAR 1    122            71     51       53
  SINCE JAN 1    122            74     48       59
......................................................


WIND (MPH)
  HIGHEST WIND SPEED    14   HIGHEST WIND DIRECTION    NW (300)
  HIGHEST GUST SPEED    19   HIGHEST GUST DIRECTION    NW (310)
  AVERAGE WIND SPEED     6.6


SKY COVER
  AVERAGE SKY COVER 0.5


WEATHER CONDITIONS
 THE FOLLOWING WEATHER WAS RECORDED TODAY.
  NO SIGNIFICANT WEATHER WAS OBSERVED.


RELATIVE HUMIDITY (PERCENT)
 HIGHEST    89           600 AM
 LOWEST     34           300 PM

..........................................................


THE ORANGEBURG AIRPORT SC CLIMATE NORMALS FOR TOMORROW
                         NORMAL
 MAXIMUM TEMPERATURE (F)   80
 MINIMUM TEMPERATURE (F)   53


SUNRISE AND SUNSET
APRIL 27 2015.........SUNRISE   640 AM EDT   SUNSET   803 PM EDT
APRIL 28 2015.........SUNRISE   638 AM EDT   SUNSET   804 PM EDT


-  INDICATES NEGATIVE NUMBERS.
R  INDICATES RECORD WAS SET OR TIED.
MM INDICATES DATA IS MISSING.
T  INDICATES TRACE AMOUNT.




$$
