000
CDUS43 KEAX 280649
CLIOJC


CLIMATE REPORT
NATIONAL WEATHER SERVICE KANSAS CITY/PLEASANT HILL MO
148 AM CDT TUE APR 28 2015


...................................

...THE JOHNSON COUNTY EXECUTIVE KS CLIMATE SUMMARY FOR APRIL 27 2015...

CLIMATE NORMAL PERIOD 1981 TO 2010
CLIMATE RECORD PERIOD 9999 TO 9999


WEATHER ITEM   OBSERVED TIME   NORMAL DEPARTURE LAST
                VALUE   (LST)  VALUE  FROM      YEAR
                                      NORMAL
......................................................
TEMPERATURE (F)
 YESTERDAY
  MAXIMUM         67    359 PM  69     -2       72
  MINIMUM         44    619 AM  49     -5       59
  AVERAGE         56            59     -3       66

PRECIPITATION (IN)
  YESTERDAY        0.00          0.17  -0.17     1.06
  MONTH TO DATE    3.17          3.41  -0.24     4.74
  SINCE MAR 1      4.03          6.04  -2.01     5.53
  SINCE JAN 1      5.62          8.73  -3.11     6.02

DEGREE DAYS
 HEATING
  YESTERDAY        9             7      2        0
  MONTH TO DATE  208           295    -87      294
  SINCE MAR 1    745           919   -174     1050
  SINCE JUL 1   4780          4812    -32     5531

 COOLING
  YESTERDAY        0             1     -1        1
  MONTH TO DATE    7            19    -12        5
  SINCE MAR 1      9            20    -11        5
  SINCE JAN 1      9            20    -11        5
......................................................


WIND (MPH)
  HIGHEST WIND SPEED    22   HIGHEST WIND DIRECTION    NE (50)
  HIGHEST GUST SPEED    28   HIGHEST GUST DIRECTION    NE (50)
  AVERAGE WIND SPEED     8.8


SKY COVER
  AVERAGE SKY COVER 0.0


WEATHER CONDITIONS
 THE FOLLOWING WEATHER WAS RECORDED YESTERDAY.
  NO SIGNIFICANT WEATHER WAS OBSERVED.


RELATIVE HUMIDITY (PERCENT)
 HIGHEST    76           600 AM
 LOWEST     29           400 PM
 AVERAGE    53

..........................................................


THE JOHNSON COUNTY EXECUTIVE KS CLIMATE NORMALS FOR TODAY
                         NORMAL
 MAXIMUM TEMPERATURE (F)   69
 MINIMUM TEMPERATURE (F)   49


SUNRISE AND SUNSET
APRIL 28 2015.........SUNRISE   625 AM CDT   SUNSET   808 PM CDT
APRIL 29 2015.........SUNRISE   624 AM CDT   SUNSET   809 PM CDT


-  INDICATES NEGATIVE NUMBERS.
R  INDICATES RECORD WAS SET OR TIED.
MM INDICATES DATA IS MISSING.
T  INDICATES TRACE AMOUNT.




$$
