000
CDUS43 KOAX 010625
CLIOMA


CLIMATE REPORT
NATIONAL WEATHER SERVICE OMAHA NEBRASKA
124 AM CDT WED APR 1 2015


...................................

...THE OMAHA EPPLEY, NEBRASKA CLIMATE SUMMARY FOR MARCH 31 2015...

CLIMATE NORMAL PERIOD 1981 TO 2010
CLIMATE RECORD PERIOD 1871 TO 2015


WEATHER ITEM   OBSERVED TIME   RECORD YEAR NORMAL DEPARTURE LAST
                VALUE   (LST)  VALUE       VALUE  FROM      YEAR
                                                  NORMAL
..................................................................
TEMPERATURE (F)
 YESTERDAY
  MAXIMUM         77    445 PM  91    2012  58     19       75
  MINIMUM         36    632 AM  11    1881  34      2       28
  AVERAGE         57                        46     11       52

PRECIPITATION (IN)
  YESTERDAY        0.00          1.33 2007   0.09  -0.09      T
  MONTH TO DATE    0.54                      1.99  -1.45     0.21
  SINCE MAR 1      0.54                      1.99  -1.45     0.21
  SINCE JAN 1      1.68                      3.56  -1.88     1.07

SNOWFALL (IN)
  YESTERDAY        0.0                       0.1   -0.1      0.0
  MONTH TO DATE    0.2                       4.2   -4.0      2.3
  SINCE JUL 1     13.8                      25.4  -11.6     17.2
  SNOW DEPTH       0

DEGREE DAYS
 HEATING
  YESTERDAY        8                        19    -11       13
  MONTH TO DATE  652                       791   -139      879
  SINCE MAR 1    652                       791   -139      879
  SINCE JUL 1   5363                      5589   -226     5984

 COOLING
  YESTERDAY        0                         0      0        0
  MONTH TO DATE    0                         1     -1        0
  SINCE MAR 1      0                         1     -1        0
  SINCE JAN 1      0                         1     -1        0
..................................................................


WIND (MPH)
  HIGHEST WIND SPEED    14   HIGHEST WIND DIRECTION     S (190)
  HIGHEST GUST SPEED    17   HIGHEST GUST DIRECTION     S (160)
  AVERAGE WIND SPEED     5.3


SKY COVER
  POSSIBLE SUNSHINE  MM
  AVERAGE SKY COVER 0.0


WEATHER CONDITIONS
 THE FOLLOWING WEATHER WAS RECORDED YESTERDAY.
  FOG


RELATIVE HUMIDITY (PERCENT)
 HIGHEST    79           500 AM
 LOWEST     18           400 PM
 AVERAGE    49

..........................................................


THE OMAHA EPPLEY, NEBRASKA CLIMATE NORMALS FOR TODAY
                         NORMAL    RECORD    YEAR
 MAXIMUM TEMPERATURE (F)   58        90      2012
                                             2003
                                             1956
 MINIMUM TEMPERATURE (F)   34         6      1881


SUNRISE AND SUNSET
APRIL  1 2015.........SUNRISE   707 AM CDT   SUNSET   749 PM CDT
APRIL  2 2015.........SUNRISE   705 AM CDT   SUNSET   750 PM CDT


-  INDICATES NEGATIVE NUMBERS.
R  INDICATES RECORD WAS SET OR TIED.
MM INDICATES DATA IS MISSING.
T  INDICATES TRACE AMOUNT.




$$
