000
CDUS46 KSGX 261421
CLIONT


CLIMATE REPORT
NATIONAL WEATHER SERVICE SAN DIEGO, CA
721 AM PDT SUN APR 26 2015


...................................

...THE ONTARIO INTL AIRPORT CA CLIMATE SUMMARY FOR APRIL 25 2015...

CLIMATE NORMAL PERIOD 1981 TO 2010
CLIMATE RECORD PERIOD 1998 TO 2015


WEATHER ITEM   OBSERVED TIME   RECORD YEAR NORMAL DEPARTURE LAST
                VALUE   (LST)  VALUE       VALUE  FROM      YEAR
                                                  NORMAL
..................................................................
TEMPERATURE (F)
 YESTERDAY
  MAXIMUM         62   1007 AM  96    2004  76    -14       72
  MINIMUM         53   1159 PM  49    2010  52      1       52
  AVERAGE         58                        64     -6       62

PRECIPITATION (IN)
  YESTERDAY        0.42          0.45 2014   0.03   0.39     0.45
  MONTH TO DATE    0.50                      0.80  -0.30     0.73
  SINCE OCT 1      8.93                     13.99  -5.06     4.28
  SINCE JAN 1      3.29                      9.82  -6.53     3.40

SNOWFALL (IN)
  YESTERDAY        0.0
  MONTH TO DATE    0.0
  SINCE MAR 1      0.0
  SINCE JUL 1      0.0
  SNOW DEPTH       0

DEGREE DAYS
 HEATING
  YESTERDAY        7                         3      4        3
  MONTH TO DATE   54                       109    -55       49
  SINCE MAR 1    111                       321   -210      122
  SINCE JUL 1    711                      1478   -767      808

 COOLING
  YESTERDAY        0                         2     -2        0
  MONTH TO DATE   34                        32      2       77
  SINCE MAR 1    153                        44    109      109
  SINCE JAN 1    183                        50    133      139
..................................................................


WIND (MPH)
  RESULTANT WIND SPEED   7   RESULTANT WIND DIRECTION  SW (240)
  HIGHEST WIND SPEED    18   HIGHEST WIND DIRECTION    SW (220)
  HIGHEST GUST SPEED    23   HIGHEST GUST DIRECTION    SW (230)
  AVERAGE WIND SPEED     7.5


SKY COVER
  POSSIBLE SUNSHINE  MM
  AVERAGE SKY COVER 0.9


WEATHER CONDITIONS
 THE FOLLOWING WEATHER WAS RECORDED YESTERDAY.
  HEAVY RAIN
  RAIN
  LIGHT RAIN
  FOG


RELATIVE HUMIDITY (PERCENT)
 HIGHEST    93           300 PM
 LOWEST     60          1100 AM
 AVERAGE    77

..........................................................


THE ONTARIO INTL AIRPORT CA CLIMATE NORMALS FOR TODAY
                         NORMAL    RECORD    YEAR
 MAXIMUM TEMPERATURE (F)   76       101      2004
 MINIMUM TEMPERATURE (F)   53        46      2009


SUNRISE AND SUNSET
APRIL 26 2015.........SUNRISE   607 AM PDT   SUNSET   730 PM PDT
APRIL 27 2015.........SUNRISE   606 AM PDT   SUNSET   731 PM PDT


-  INDICATES NEGATIVE NUMBERS.
R  INDICATES RECORD WAS SET OR TIED.
MM INDICATES DATA IS MISSING.
T  INDICATES TRACE AMOUNT.




$$
