000
CDAK49 PAOT 250914
CLIOTZ

CLIMATE REPORT
NATIONAL WEATHER SERVICE KOTZEBUE, AK
114 AM AKDT SAT APR 25 2015

...................................
...THE KOTZEBUE WSO AP CLIMATE SUMMARY FOR APRIL 24 2015...

CLIMATE NORMAL PERIOD  1981 TO  2010
CLIMATE RECORD PERIOD  1897 TO  2015

WEATHER ITEM   OBSERVED TIME    RECORD YEAR NORMAL DEPARTURE LAST
               VALUE    (LST)   VALUE       VALUE  FROM      YEAR
                                                   NORMAL
...................................................................
TEMPERATURE
YESTERDAY
 MAXIMUM            44  0616 PM    48  1980     27      17     42
 MINIMUM            28  1147 PM   -20  1966     12      16     35
 AVERAGE            36                          19      17     39

PRECIPITATION
(INCHES)
 YESTERDAY        0.00           0.14  1995   0.02   -0.02   0.00
 MONTH TO DATE    0.55                        0.42    0.13   0.19
 SINCE MAR 1      1.08                        0.86    0.22   0.53
 SINCE JAN 1      1.93                        2.14   -0.21   1.25

SNOWFALL
(INCHES)
 YESTERDAY         0.0            3.5  1937    0.2    -0.2    0.0
 MONTH TO DATE     3.9                         4.3    -0.4    0.4
 SINCE MAR 1       9.4                        10.2    -0.8    7.2
 SINCE JUL 1      24.7                        57.8   -33.1   32.2
 SNOW DEPTH (IN)     5                                          T

DEGREE DAYS
 HEATING
  YESTERDAY         29                          46     -17     26
  MONTH TO DATE   1191                        1291    -100   1104
  SINCE MAR 1     3268                        3278     -10   2869
  SINCE JUL 1    12119                       13520   -1401  11820

 COOLING
  YESTERDAY          0                           0       0      0
  MONTH TO DATE      0                           0       0      0
  SINCE MAR 1        0                           0       0      0
  SINCE JAN 1        0                           0       0      0
...................................................................

WIND (MPH)
 HIGHEST WIND SPEED    18     HIGHEST WIND DIRECTION     80
 HIGHEST GUST SPEED    21     HIGHEST GUST DIRECTION     80
 AVERAGE WIND SPEED   7.7

SKY COVER
  POSSIBLE SUNSHINE    MM          AVERAGE SKY COVER     MM

WEATHER CONDITIONS
 THE FOLLOWING WEATHER WAS RECORDED YESTERDAY.
 NO SIGNIFICANT WEATHER WAS OBSERVED.

RELATIVE HUMIDITY
 HIGHEST RH     MM PERCENT       MM
 LOWEST  RH     MM PERCENT       MM
 AVERAGE RH     MM PERCENT       MM
...................................................................

THE KOTZEBUE CLIMATE NORMALS FOR TODAY
                           NORMAL    RECORD   YEAR
 MAXIMUM TEMPERATURE (F)     27        44     1931
 MINIMUM TEMPERATURE (F)     13       -23     1960

SUNRISE AND SUNSET
 APR 25 2015..........SUNRISE  6:25 AM      SUNSET 11:16 PM
 APR 26 2015..........SUNRISE  6:21 AM      SUNSET 11:20 PM

-  INDICATES NEGATIVE NUMBERS.
R  INDICATES RECORD HAS BEEN SET OR TIED.
MM INDICATES DATA IS MISSING.
T  INDICATES TRACE OF PRECIPITATION.

&&
-------------------------------------------------------------------

AMOUNT OF DAYLIGHT TODAY  (HOUR:MIN)........16 HOURS 51 MINUTES
GAIN/LOSS SINCE YESTERDAY (HOUR:MIN:SEC)....+0:07:59

$$


APR 15
