000
CDUS43 KDDC 262329
CLIP28


CLIMATE REPORT
NATIONAL WEATHER SERVICE DODGE CITY KS
628 PM CDT SUN APR 26 2015


...................................

...THE MEDICINE LODGE KS CLIMATE SUMMARY FOR APRIL 26 2015...
VALID TODAY AS OF 0500 PM LOCAL TIME.

CLIMATE NORMAL PERIOD 1981 TO 2010
CLIMATE RECORD PERIOD 1893 TO 2015


WEATHER ITEM   OBSERVED TIME   RECORD YEAR NORMAL DEPARTURE LAST
                VALUE   (LST)  VALUE       VALUE  FROM      YEAR
                                                  NORMAL
..................................................................
TEMPERATURE (F)
 TODAY
  MAXIMUM         58    359 PM  97    1899  72    -14       87
                                      1956
  MINIMUM         49    736 AM  26    1907  48      1       56
  AVERAGE         54                        60     -6       72

PRECIPITATION (IN)
  TODAY            0.00          3.15 1969   0.10  -0.10     0.00
  MONTH TO DATE    3.23                      2.03   1.20     0.63
  SINCE MAR 1      3.61                      4.29  -0.68     1.12
  SINCE JAN 1      4.92                      6.04  -1.12     2.07

DEGREE DAYS
 HEATING
  TODAY           11                         6      5        0
  MONTH TO DATE  152                       266   -114      228
  SINCE MAR 1    612                       834   -222      952
  SINCE JUL 1   4186                      4363   -177     4903

 COOLING
  TODAY            0                         1     -1        7
  MONTH TO DATE   32                        18     14       27
  SINCE MAR 1     32                        20     12       27
  SINCE JAN 1     32                        20     12       27
..................................................................


WIND (MPH)
  HIGHEST WIND SPEED    22   HIGHEST WIND DIRECTION    NE (60)
  HIGHEST GUST SPEED    27   HIGHEST GUST DIRECTION    NE (50)
  AVERAGE WIND SPEED    14.2




RELATIVE HUMIDITY (PERCENT)
 HIGHEST    96           300 AM
 LOWEST     72           400 PM
 AVERAGE    84

..........................................................


THE MEDICINE LODGE KS CLIMATE NORMALS FOR TOMORROW
                         NORMAL    RECORD    YEAR
 MAXIMUM TEMPERATURE (F)   72        99      1956
 MINIMUM TEMPERATURE (F)   48        30      1967


SUNRISE AND SUNSET
APRIL 26 2015.........SUNRISE   646 AM CDT   SUNSET   819 PM CDT
APRIL 27 2015.........SUNRISE   644 AM CDT   SUNSET   820 PM CDT


-  INDICATES NEGATIVE NUMBERS.
R  INDICATES RECORD WAS SET OR TIED.
MM INDICATES DATA IS MISSING.
T  INDICATES TRACE AMOUNT.




$$
