000
CDUS44 KLZK 270903
CLIPBF


CLIMATE REPORT
NATIONAL WEATHER SERVICE LITTLE ROCK AR
402 AM CDT MON APR 27 2015


...................................

...THE PINE BLUFF CLIMATE SUMMARY FOR APRIL 26 2015...

CLIMATE NORMAL PERIOD 1981 TO 2010
CLIMATE RECORD PERIOD 1883 TO 2015


WEATHER ITEM   OBSERVED TIME   RECORD YEAR NORMAL DEPARTURE LAST
                VALUE   (LST)  VALUE       VALUE  FROM      YEAR
                                                  NORMAL
..................................................................
TEMPERATURE (F)
 YESTERDAY
  MAXIMUM         73    108 PM  92    1896  77     -4       85
  MINIMUM         55    539 AM  34    1910  55      0       50
  AVERAGE         64                        66     -2       68

PRECIPITATION (IN)
  YESTERDAY        T             4.69 1942   0.17  -0.17     0.00
  MONTH TO DATE    7.36                      4.30   3.06     4.44
  SINCE MAR 1     15.40                      9.70   5.70     8.90
  SINCE JAN 1     22.33                     17.52   4.81    14.33

SNOWFALL (IN)
  YESTERDAY        0.0          MM      MM   0.0    0.0      0.0
  MONTH TO DATE    0.0                       0.0    0.0      0.0
  SINCE MAR 1      2.0                       0.0    2.0       T
  SINCE JUL 1      9.2                       3.1    6.1      3.7
  SNOW DEPTH       0

DEGREE DAYS
 HEATING
  YESTERDAY        1                         2     -1        0
  MONTH TO DATE   69                       121    -52      139
  SINCE MAR 1    484                       468     16      623
  SINCE JUL 1   3218                      2856    362     3392

 COOLING
  YESTERDAY        0                         3     -3        3
  MONTH TO DATE   75                        52     23       38
  SINCE MAR 1     85                        69     16       38
  SINCE JAN 1     85                        72     13       38
..................................................................


WIND (MPH)
  HIGHEST WIND SPEED    20   HIGHEST WIND DIRECTION    NE (30)
  HIGHEST GUST SPEED    28   HIGHEST GUST DIRECTION    NE (40)
  AVERAGE WIND SPEED    10.1


SKY COVER
  POSSIBLE SUNSHINE  MM
  AVERAGE SKY COVER 0.3


WEATHER CONDITIONS
 THE FOLLOWING WEATHER WAS RECORDED YESTERDAY.
  LIGHT RAIN


RELATIVE HUMIDITY (PERCENT)
 HIGHEST    86           400 AM
 LOWEST     64          1200 PM
 AVERAGE    75

..........................................................


THE PINE BLUFF CLIMATE NORMALS FOR TODAY
                         NORMAL    RECORD    YEAR
 MAXIMUM TEMPERATURE (F)   77        95      1987
 MINIMUM TEMPERATURE (F)   55        40      1919
                                             1910
                                             1903


SUNRISE AND SUNSET
APRIL 27 2015.........SUNRISE   623 AM CDT   SUNSET   749 PM CDT
APRIL 28 2015.........SUNRISE   622 AM CDT   SUNSET   749 PM CDT


-  INDICATES NEGATIVE NUMBERS.
R  INDICATES RECORD WAS SET OR TIED.
MM INDICATES DATA IS MISSING.
T  INDICATES TRACE AMOUNT.




$$
