000
CDUS41 KPBZ 210726
CLIPHD


CLIMATE REPORT
NATIONAL WEATHER SERVICE PITTSBURGH PA
326 AM EDT TUE APR 21 2015


...................................

...THE NEW PHILADELPHIA OH CLIMATE SUMMARY FOR APRIL 20 2015...

CLIMATE NORMAL PERIOD 1981 TO 2010
CLIMATE RECORD PERIOD 1946 TO 2015


WEATHER ITEM   OBSERVED TIME   RECORD YEAR NORMAL DEPARTURE LAST
                VALUE   (LST)  VALUE       VALUE  FROM      YEAR
                                                  NORMAL
..................................................................
TEMPERATURE (F)
 YESTERDAY
  MAXIMUM         70   1244 PM  85    2002  65      5       74
  MINIMUM         49            24    1997  40      9       35
  AVERAGE         60                        52      8       55

PRECIPITATION (IN)
  YESTERDAY        0.44         MM      MM   0.11   0.33     0.00
  MONTH TO DATE    3.44                      2.23   1.21     2.68
  SINCE JUN 1     34.75                     33.53   1.22    33.02
  SINCE JAN 1     10.02                     10.23  -0.21     8.38

DEGREE DAYS
 HEATING
  YESTERDAY        5                        13     -8       10
  MONTH TO DATE  164                       317   -153      288
  SINCE MAR 1   1019                      1096    -77     1251
  SINCE JUL 1   5637                      5303    334     5884

 COOLING
  YESTERDAY        0                         0      0        0
  MONTH TO DATE    3                         0      3        1
  SINCE MAR 1      3                         1      2        1
  SINCE JAN 1      3                         1      2        1
..................................................................


WIND (MPH)
  HIGHEST WIND SPEED    23   HIGHEST WIND DIRECTION     W (250)
  HIGHEST GUST SPEED    34   HIGHEST GUST DIRECTION     S (190)
  AVERAGE WIND SPEED    10.8


SKY COVER
  POSSIBLE SUNSHINE  MM
  AVERAGE SKY COVER 0.8


WEATHER CONDITIONS
 THE FOLLOWING WEATHER WAS RECORDED YESTERDAY.
  THUNDERSTORM
  HEAVY RAIN
  RAIN
  LIGHT RAIN


RELATIVE HUMIDITY (PERCENT)
 HIGHEST    78           400 AM
 LOWEST     50          1000 PM
 AVERAGE    64

..........................................................


THE NEW PHILADELPHIA OH CLIMATE NORMALS FOR TODAY
                         NORMAL    RECORD    YEAR
 MAXIMUM TEMPERATURE (F)   65        85      1985
 MINIMUM TEMPERATURE (F)   40        25      1997


SUNRISE AND SUNSET
APRIL 21 2015.........SUNRISE   639 AM EDT   SUNSET   811 PM EDT
APRIL 22 2015.........SUNRISE   637 AM EDT   SUNSET   812 PM EDT


-  INDICATES NEGATIVE NUMBERS.
R  INDICATES RECORD WAS SET OR TIED.
MM INDICATES DATA IS MISSING.
T  INDICATES TRACE AMOUNT.




$$
