000
CDUS43 KILX 060634
CLIPIA


CLIMATE REPORT
NATIONAL WEATHER SERVICE LINCOLN IL
133 AM CDT WED MAY 6 2015


...................................

...THE PEORIA IL CLIMATE SUMMARY FOR MAY 5 2015...

CLIMATE NORMAL PERIOD 1981 TO 2010
CLIMATE RECORD PERIOD 1883 TO 2015


WEATHER ITEM   OBSERVED TIME   RECORD YEAR NORMAL DEPARTURE LAST
                VALUE   (LST)  VALUE       VALUE  FROM      YEAR
                                                  NORMAL
..................................................................
TEMPERATURE (F)
 YESTERDAY
  MAXIMUM         84    254 PM  92    1952  70     14       73
  MINIMUM         63   1159 PM  32    1944  48     15       48
  AVERAGE         74                        59     15       61

PRECIPITATION (IN)
  YESTERDAY        T             1.01 1998   0.14  -0.14     0.00
  MONTH TO DATE    0.88                      0.68   0.20     0.02
  SINCE MAR 1      4.91                      7.11  -2.20     5.68
  SINCE JAN 1      8.63                     10.68  -2.05    10.55

SNOWFALL (IN)
  YESTERDAY        0.0           T    1944   0.0    0.0      0.0
  MONTH TO DATE    0.0                       0.0    0.0      0.0
  SINCE MAR 1      2.7                       3.3   -0.6      7.4
  SINCE JUL 1     27.0                      24.6    2.4     57.6
  SNOW DEPTH       0

DEGREE DAYS
 HEATING
  YESTERDAY        0                         7     -7        4
  MONTH TO DATE   13                        37    -24       44
  SINCE MAR 1   1030                      1186   -156     1332
  SINCE JUL 1   5736                      5702     34     6511

 COOLING
  YESTERDAY        9                         1      8        0
  MONTH TO DATE   21                         5     16        0
  SINCE MAR 1     32                        19     13        6
  SINCE JAN 1     32                        19     13        6
..................................................................


WIND (MPH)
  HIGHEST WIND SPEED    16   HIGHEST WIND DIRECTION     E (80)
  HIGHEST GUST SPEED    20   HIGHEST GUST DIRECTION     E (70)
  AVERAGE WIND SPEED     7.5


SKY COVER
  POSSIBLE SUNSHINE  MM
  AVERAGE SKY COVER 0.5


WEATHER CONDITIONS
 THE FOLLOWING WEATHER WAS RECORDED YESTERDAY.
  THUNDERSTORM
  LIGHT RAIN
  FOG
  HAZE


RELATIVE HUMIDITY (PERCENT)
 HIGHEST    93           500 AM
 LOWEST     44           300 PM
 AVERAGE    69

..........................................................


THE PEORIA IL CLIMATE NORMALS FOR TODAY
                         NORMAL    RECORD    YEAR
 MAXIMUM TEMPERATURE (F)   70        92      1896
 MINIMUM TEMPERATURE (F)   49        31      1944


SUNRISE AND SUNSET
MAY  6 2015...........SUNRISE   552 AM CDT   SUNSET   800 PM CDT
MAY  7 2015...........SUNRISE   550 AM CDT   SUNSET   801 PM CDT


-  INDICATES NEGATIVE NUMBERS.
R  INDICATES RECORD WAS SET OR TIED.
MM INDICATES DATA IS MISSING.
T  INDICATES TRACE AMOUNT.




$$
