000
CDUS43 KABR 012229
CLIPIR


CLIMATE REPORT
NATIONAL WEATHER SERVICE ABERDEEN SD
529 PM CDT WED APR 1 2015


...................................

...THE PIERRE SD CLIMATE SUMMARY FOR APRIL 1 2015...
VALID TODAY AS OF 0500 PM LOCAL TIME.

CLIMATE NORMAL PERIOD 1981 TO 2010
CLIMATE RECORD PERIOD 1892 TO 2015


WEATHER ITEM   OBSERVED TIME   RECORD YEAR NORMAL DEPARTURE LAST
                VALUE   (LST)  VALUE       VALUE  FROM      YEAR
                                                  NORMAL
..................................................................
TEMPERATURE (F)
 TODAY
  MAXIMUM         68    337 PM  91    2012  53     15       25
  MINIMUM         48    346 AM   8    2014  29     19        8
  AVERAGE         58                        41     17       17

PRECIPITATION (IN)
  TODAY            0.00          0.39 1960   0.05  -0.05      T
  MONTH TO DATE    0.00                      0.05  -0.05      T
  SINCE MAR 1      0.33                      1.28  -0.95     0.99
  SINCE JAN 1      0.68                      2.29  -1.61     1.56

SNOWFALL (IN)
  TODAY            0.0
  MONTH TO DATE    0.0
  SINCE OCT 1     27.1
  SINCE JUL 1     27.1
  SNOW DEPTH       0

DEGREE DAYS
 HEATING
  TODAY            7                        24    -17       48
  MONTH TO DATE    7                        24    -17       48
  SINCE MAR 1    753                       971   -218     1121
  SINCE JUL 1   6262                      6469   -207     7116

 COOLING
  TODAY            0                         0      0        0
  MONTH TO DATE    0                         0      0        0
  SINCE MAR 1      5                         0      5        0
  SINCE JAN 1      5                         0      5        0
..................................................................


WIND (MPH)
  HIGHEST GUST SPEED    39   HIGHEST GUST DIRECTION    NW (330)




..........................................................


THE PIERRE SD CLIMATE NORMALS FOR TOMORROW
                         NORMAL    RECORD    YEAR
 MAXIMUM TEMPERATURE (F)   53        78      1991
 MINIMUM TEMPERATURE (F)   29         5      1936


SUNRISE AND SUNSET
APRIL  1 2015.........SUNRISE   723 AM CDT   SUNSET   808 PM CDT
APRIL  2 2015.........SUNRISE   721 AM CDT   SUNSET   809 PM CDT


-  INDICATES NEGATIVE NUMBERS.
R  INDICATES RECORD WAS SET OR TIED.
MM INDICATES DATA IS MISSING.
T  INDICATES TRACE AMOUNT.




$$
