000
CDUS46 KMFR 250843
CLIRBG


CLIMATE REPORT
NATIONAL WEATHER SERVICE MEDFORD, OR
143 AM PDT SAT APR 25 2015


...................................

...THE ROSEBURG OR CLIMATE SUMMARY FOR APRIL 24 2015...

CLIMATE NORMAL PERIOD 1981 TO 2010
CLIMATE RECORD PERIOD 1931 TO 2015


WEATHER ITEM   OBSERVED TIME   RECORD YEAR NORMAL DEPARTURE LAST
                VALUE   (LST)  VALUE       VALUE  FROM      YEAR
                                                  NORMAL
..................................................................
TEMPERATURE (F)
 YESTERDAY
  MAXIMUM         61    346 PM  82    1995  64     -3       61
  MINIMUM         43    259 AM  31    1986  43      0       47
  AVERAGE         52                        54     -2       54

PRECIPITATION (IN)
  YESTERDAY        T             1.19 2003   0.09  -0.09     0.28
  MONTH TO DATE    0.91                      2.33  -1.42     1.17
  SINCE OCT 1     24.45                     30.52  -6.07    17.28
  SINCE JAN 1     10.17                     14.87  -4.70    13.58

SNOWFALL (IN)
  YESTERDAY       MM                        MM     MM       MM
  MONTH TO DATE   MM                        MM     MM       MM
  SINCE JUL 1      0.0                      MM     MM        0.0
  SNOW DEPTH      MM

DEGREE DAYS
 HEATING
  YESTERDAY       13                        11      2       11
  MONTH TO DATE  299                       322    -23      233
  SINCE MAR 1    619                       832   -213      630
  SINCE JUL 1   2676                      3701  -1025     3557

 COOLING
  YESTERDAY        0                         0      0        0
  MONTH TO DATE    0                         0      0        0
  SINCE MAR 1      0                         0      0        0
  SINCE JAN 1      0                         0      0        0
..................................................................


WIND (MPH)
  RESULTANT WIND SPEED   1   RESULTANT WIND DIRECTION  NE (60)
  HIGHEST WIND SPEED    14   HIGHEST WIND DIRECTION    NW (310)
  HIGHEST GUST SPEED    20   HIGHEST GUST DIRECTION     W (280)
  AVERAGE WIND SPEED     3.6


SKY COVER
  POSSIBLE SUNSHINE  MM
  AVERAGE SKY COVER 0.8


WEATHER CONDITIONS
 THE FOLLOWING WEATHER WAS RECORDED YESTERDAY.
  LIGHT RAIN
  FOG


RELATIVE HUMIDITY (PERCENT)
 HIGHEST    96           300 AM
 LOWEST     40           400 PM
 AVERAGE    68

..........................................................


THE ROSEBURG OR CLIMATE NORMALS FOR TODAY
                         NORMAL    RECORD    YEAR
 MAXIMUM TEMPERATURE (F)   65        84      2001
 MINIMUM TEMPERATURE (F)   43        29      1954


SUNRISE AND SUNSET
APRIL 25 2015.........SUNRISE   616 AM PDT   SUNSET   808 PM PDT
APRIL 26 2015.........SUNRISE   614 AM PDT   SUNSET   809 PM PDT


-  INDICATES NEGATIVE NUMBERS.
R  INDICATES RECORD WAS SET OR TIED.
MM INDICATES DATA IS MISSING.
T  INDICATES TRACE AMOUNT.




$$
