000
CDUS41 KPHI 070626
CLIRDG


CLIMATE REPORT
NATIONAL WEATHER SERVICE MOUNT HOLLY NJ
226 AM EDT THU MAY 7 2015


...................................

...THE READING PA CLIMATE SUMMARY FOR MAY 6 2015...

CLIMATE NORMAL PERIOD 1981 TO 2010
CLIMATE RECORD PERIOD 1869 TO 2015


WEATHER ITEM   OBSERVED TIME   RECORD YEAR NORMAL DEPARTURE LAST
                VALUE   (LST)  VALUE       VALUE  FROM      YEAR
                                                  NORMAL
..................................................................
TEMPERATURE (F)
 YESTERDAY
  MAXIMUM         72    100 PM  91    1949  70      2       71
  MINIMUM         56   1118 PM  35    1992  47      9       44
  AVERAGE         64                        58      6       58

PRECIPITATION (IN)
  YESTERDAY        0.02          3.77 1989   0.13  -0.11     0.00
  MONTH TO DATE    0.02                      0.72  -0.70     0.18
  SINCE MAR 1      6.53                      7.97  -1.44     8.82
  SINCE JAN 1     10.27                     13.50  -3.23    15.50

SNOWFALL (IN)
  YESTERDAY       MM            MM      MM  MM     MM       MM
  MONTH TO DATE   MM                        MM     MM       MM
  SINCE MAR 1     MM                        MM     MM       MM
  SINCE JUL 1     MM                        MM     MM       MM
  SNOW DEPTH      MM

DEGREE DAYS
 HEATING
  YESTERDAY        1                         8     -7        7
  MONTH TO DATE   18                        50    -32       44
  SINCE MAR 1   1307                      1206    101     1374
  SINCE JUL 1   5612                      5248    364     5684

 COOLING
  YESTERDAY        0                         1     -1        0
  MONTH TO DATE    6                         6      0        0
  SINCE MAR 1      6                        15     -9        9
  SINCE JAN 1      6                        15     -9        9
..................................................................


WIND (MPH)
  HIGHEST WIND SPEED    14   HIGHEST WIND DIRECTION    NE (50)
  HIGHEST GUST SPEED    18   HIGHEST GUST DIRECTION    NE (50)
  AVERAGE WIND SPEED     4.8


SKY COVER
  POSSIBLE SUNSHINE  MM
  AVERAGE SKY COVER 0.8


WEATHER CONDITIONS
 THE FOLLOWING WEATHER WAS RECORDED YESTERDAY.
  LIGHT RAIN
  FOG


RELATIVE HUMIDITY (PERCENT)
 HIGHEST    93           400 AM
 LOWEST     41           100 PM
 AVERAGE    67

..........................................................


THE READING PA CLIMATE NORMALS FOR TODAY
                         NORMAL    RECORD    YEAR
 MAXIMUM TEMPERATURE (F)   70        93      1930
 MINIMUM TEMPERATURE (F)   47        31      1974
                                             1970


SUNRISE AND SUNSET
MAY  7 2015...........SUNRISE   556 AM EDT   SUNSET   805 PM EDT
MAY  8 2015...........SUNRISE   555 AM EDT   SUNSET   806 PM EDT


-  INDICATES NEGATIVE NUMBERS.
R  INDICATES RECORD WAS SET OR TIED.
MM INDICATES DATA IS MISSING.
T  INDICATES TRACE AMOUNT.




$$
