000
CDUS46 KPDT 070058
CLIRDM

CLIMATE REPORT
NATIONAL WEATHER SERVICE PENDLETON OR
545 PM PDT WED MAY 6 2015


...................................

...THE REDMOND OR CLIMATE SUMMARY FOR MAY 6 2015...
VALID TODAY AS OF 0500 PM LOCAL TIME.

CLIMATE NORMAL PERIOD 1981 TO 2010
CLIMATE RECORD PERIOD 1949 TO 2015


WEATHER ITEM   OBSERVED TIME   RECORD YEAR NORMAL DEPARTURE LAST
                VALUE   (LST)  VALUE       VALUE  FROM      YEAR
                                                  NORMAL
..................................................................
TEMPERATURE (F)
 TODAY
  MAXIMUM         53    129 PM  92    1992  65    -12       59
  MINIMUM         28    508 AM  15    1965  33     -5       28
  AVERAGE         41                        49     -8       44

PRECIPITATION (IN)
  TODAY            0.02          0.38 1951   0.03  -0.01     0.00
  MONTH TO DATE    0.02                      0.17  -0.15     0.09
  SINCE OCT 1      5.83                      5.94  -0.11     3.89
  SINCE JAN 1      1.55                      3.18  -1.63     3.18

DEGREE DAYS
 HEATING
  TODAY           24                        16      8       21
  MONTH TO DATE   94                       102     -8       79
  SINCE MAR 1   1372                      1500   -128     1381
  SINCE JUL 1   5405                      6173   -768     6174

 COOLING
  TODAY            0                         0      0        0
  MONTH TO DATE    0                         0      0        0
  SINCE MAR 1      0                         0      0        0
  SINCE JAN 1      0                         0      0        0
..................................................................


WIND (MPH)
  RESULTANT WIND SPEED   3   RESULTANT WIND DIRECTION   W (280)
  HIGHEST WIND SPEED    17   HIGHEST WIND DIRECTION    NW (300)
  HIGHEST GUST SPEED    26   HIGHEST GUST DIRECTION     W (290)
  AVERAGE WIND SPEED     5.5


SKY COVER
  POSSIBLE SUNSHINE  MM
  AVERAGE SKY COVER 0.6


WEATHER CONDITIONS
 THE FOLLOWING WEATHER WAS RECORDED TODAY.
  THUNDERSTORM
  LIGHT RAIN


RELATIVE HUMIDITY (PERCENT)
 HIGHEST    85           500 AM
 LOWEST     42          1000 AM
 AVERAGE    64

..........................................................


THE REDMOND OR CLIMATE NORMALS FOR TOMORROW
                         NORMAL    RECORD    YEAR
 MAXIMUM TEMPERATURE (F)   65        90      1987
 MINIMUM TEMPERATURE (F)   33        20      2002


SUNRISE AND SUNSET
MAY  6 2015...........SUNRISE   549 AM PDT   SUNSET   814 PM PDT
MAY  7 2015...........SUNRISE   548 AM PDT   SUNSET   815 PM PDT


-  INDICATES NEGATIVE NUMBERS.
R  INDICATES RECORD WAS SET OR TIED.
MM INDICATES DATA IS MISSING.
T  INDICATES TRACE AMOUNT.




$$
